{"id":2278,"date":"2017-10-23T11:38:23","date_gmt":"2017-10-23T09:38:23","guid":{"rendered":"http:\/\/intercultural-learning.eu\/?page_id=2278"},"modified":"2025-09-18T15:10:13","modified_gmt":"2025-09-18T13:10:13","slug":"competenze-interculturali","status":"publish","type":"page","link":"https:\/\/intercultural-learning.eu\/it\/competenze-interculturali\/","title":{"rendered":"Competenze interculturali"},"content":{"rendered":"<p>[vc_row][vc_column width=&#8221;2\/3&#8243;][vc_column_text]<\/p>\n<h1><strong><b>Che cosa sono le competenze interculturali?<\/b><\/strong><\/h1>\n<p><b>Le competenze interculturali<\/b><span style=\"font-weight: 400;\"> comprendono le capacit\u00e0 di riconoscere ed apprezzare le diversit\u00e0 altrui e i modi in cui queste entrano in gioco in varie situazioni. Non sono una serie di ricette standard per situazioni predefinite, ma linee guida che preparano ad osservare ed affrontare l\u2019imprevisto. Implicano la disponibilit\u00e0 a confrontarsi con le diversit\u00e0 in modo <\/span><span style=\"font-weight: 400;\">etno relativo<\/span><span style=\"font-weight: 400;\">, cio\u00e8 prendendo in considerazione valori e comportamenti da una prospettiva pi\u00f9 ampia, senza vedere i propri come normali o superiori. Inoltre \u00e8 da evitare il meccanismo di <\/span><i><span style=\"font-weight: 400;\">alterit\u00e0<\/span><\/i><span style=\"font-weight: 400;\">, i<\/span><span style=\"font-weight: 400;\">nteso come percepire il mondo a fazioni, noi contro loro, dove gli altri sono tutte le persone diverse da se stessi. Identificare ed etichettare qualcuno come \u201cl\u2019altro\u201d tende ad attribuirgli un\u2019identit\u00e0 che pu\u00f2 essere difficile da mettere da parte, motivo per cui le competenze interculturali comprendono anche questioni di potere.<\/span><\/p>\n<p><span style=\"font-weight: 400;\">Le competenze interculturali sono strettamente collegate all&#8217;empatia, alla capacit\u00e0 di osservazione e di ascolto, alla flessibilit\u00e0, alla capacit\u00e0 di risoluzione del conflitto e alla tolleranza per le ambiguit\u00e0. Sono anche connesse alla responsabilit\u00e0 civica, ai valori di democrazia e ai diritti umani.<\/span><\/p>\n<p><b>Il presunto concetto di cultura<\/b><\/p>\n<p><span style=\"font-weight: 400;\">La visione non-essenzialista della cultura (<\/span><i><span style=\"font-weight: 400;\">Adrian Holliday, 2011<\/span><\/i><span style=\"font-weight: 400;\">) afferma la complessit\u00e0 e la molteplicit\u00e0 delle identit\u00e0 individuali, ben oltre i contesti geografici o addirittura familiari. Le persone possono far parte di gruppi o culture diverse, che possono essere definiti da nazionalit\u00e0, etnia, linguaggio, et\u00e0, classe sociale, sesso, religione, orientamento politico, sessuale, ecc. Il senso di appartenenza non \u00e8 solo molteplice ma cambia, aumentando o diminuendo a seconda del contesto, delle interazioni e degli interlocutori. L\u2019identit\u00e0 culturale pu\u00f2 essere incoerente, negoziata e costruita in diverse situazioni e pu\u00f2 dipendere da molti fattori.<\/span><\/p>\n<p><b>Situazioni interculturali <\/b><span style=\"font-weight: 400;\">(Barrett. M. et alii,<\/span> <span style=\"font-weight: 400;\">2016<\/span><i><span style=\"font-weight: 400;\">, Competences for Democratic Culture: Living together as equals in culturally diverse democratic societies, \u00a0p. 20)<\/span><\/i><\/p>\n<p><span style=\"font-weight: 400;\">Ogni interazione interpersonale \u00e8 potenzialmente una situazione interculturale. Spesso quando incontriamo altre persone, le riconosciamo come individui con una serie di caratteristiche personali che li distinguono dagli altri. Altre volte, invece, le riconosciamo attraverso le loro caratteristiche culturali e le raggruppiamo insieme ad altre persone con gli stessi attributi. Diversi fattori possono causare il cambio di prospettiva da individuale a culturale. Ad esempio:<\/span><\/p>\n<ul>\n<li style=\"font-weight: 400;\"><span style=\"font-weight: 400;\">la presenza di simboli o rituali che richiamano gli aspetti culturali nella mente di chi osserva;<\/span><\/li>\n<li style=\"font-weight: 400;\"><span style=\"font-weight: 400;\">l\u2019uso frequente degli stessi attributi culturali quando si pensa o parla di altre persone, che li rende pi\u00f9 facilmente accessibili nella mente dell\u2019osservatore;<\/span><\/li>\n<li style=\"font-weight: 400;\"><span style=\"font-weight: 400;\">l\u2019utilit\u00e0 di un attributo culturale nell&#8217;aiutare a comprendere il comportamento delle altre persone.<\/span><\/li>\n<\/ul>\n<p><span style=\"font-weight: 400;\">Le situazioni interculturali possono quindi emergere quando una persona percepisce un individuo (o un gruppo) come diversa da s\u00e9.<\/span><span style=\"font-weight: 400;\"> Ogni essere umano \u00e8 esposto frequentemente a situazioni interculturali con o senza interazione con altri.<\/span><\/p>\n<p><b>L\u2019apprendimento delle competenze interculturali<\/b><span style=\"font-weight: 400;\"> (o apprendimento interculturale) \u00e8 un processo che dura tutta la vita e ha risultati migliori attraverso un <\/span><span style=\"font-weight: 400;\">apprendimento cosciente, pianificato e guidato<\/span><span style=\"font-weight: 400;\"> (D. A. Kolb, 2015,<\/span><i><span style=\"font-weight: 400;\"> Experiential Learning: experience as the source of learning and development<\/span><\/i><span style=\"font-weight: 400;\">). \u00c8 importante ricordarsi che l\u2019esposizione e l\u2019interazione con persone di culture diverse non implica o garantisce un apprendimento interculturale (Y. Amir, 1969,<\/span><i><span style=\"font-weight: 400;\"> Contact Hypothesis<\/span><\/i><span style=\"font-weight: 400;\">). \u00c8 degno di nota che l\u2019ambito dell\u2019apprendimento non formale abbia ottenuto finora risultati migliori nell\u2019agevolazione di questi processi di apprendimento.<\/span><\/p>\n<p><b>La valutazione delle competenze interculturali<\/b><span style=\"font-weight: 400;\"> \u00e8 impossibile da monitorare attraverso processi di valutazione standard, come nei casi di capacit\u00e0 e competenze complesse basate sul comportamento. Poich\u00e9 il processo di apprendimento interculturale dura tutta la vita, nessuna competenza pu\u00f2 mai essere appresa perfettamente. La valutazione dovrebbe essere qualitativa, formativa, volontaria e incentrata sulla persona che apprende.<\/span><\/p>\n","protected":false},"excerpt":{"rendered":"<p>[vc_row][vc_column width=&#8221;2\/3&#8243;][vc_column_text] Che cosa sono le competenze interculturali? Le competenze interculturali comprendono le capacit\u00e0 di riconoscere ed apprezzare le diversit\u00e0 altrui e i modi in cui queste entrano in gioco in varie situazioni. Non sono una serie di ricette standard per situazioni predefinite, ma linee guida che preparano ad osservare ed affrontare l\u2019imprevisto. Implicano la [&hellip;]<\/p>\n","protected":false},"author":2,"featured_media":0,"parent":0,"menu_order":0,"comment_status":"closed","ping_status":"closed","template":"","meta":{"_themeisle_gutenberg_block_has_review":false,"footnotes":""},"class_list":["post-2278","page","type-page","status-publish","hentry"],"_links":{"self":[{"href":"https:\/\/intercultural-learning.eu\/it\/wp-json\/wp\/v2\/pages\/2278\/"}],"collection":[{"href":"https:\/\/intercultural-learning.eu\/it\/wp-json\/wp\/v2\/pages\/"}],"about":[{"href":"https:\/\/intercultural-learning.eu\/it\/wp-json\/wp\/v2\/types\/page\/"}],"author":[{"embeddable":true,"href":"https:\/\/intercultural-learning.eu\/it\/wp-json\/wp\/v2\/users\/2\/"}],"replies":[{"embeddable":true,"href":"https:\/\/intercultural-learning.eu\/it\/wp-json\/wp\/v2\/comments\/?post=2278"}],"version-history":[{"count":3,"href":"https:\/\/intercultural-learning.eu\/it\/wp-json\/wp\/v2\/pages\/2278\/revisions\/"}],"predecessor-version":[{"id":6698,"href":"https:\/\/intercultural-learning.eu\/it\/wp-json\/wp\/v2\/pages\/2278\/revisions\/6698\/"}],"wp:attachment":[{"href":"https:\/\/intercultural-learning.eu\/it\/wp-json\/wp\/v2\/media\/?parent=2278"}],"curies":[{"name":"wp","href":"https:\/\/api.w.org\/{rel}","templated":true}]}}

<p>[vc_row][vc_column width=&#8221;2/3&#8243;][vc_column_text]</p>
<h1><strong><b>Che cosa sono le competenze interculturali?</b></strong></h1>
<p><b>Le competenze interculturali</b><span style="font-weight: 400;"> comprendono le capacità di riconoscere ed apprezzare le diversità altrui e i modi in cui queste entrano in gioco in varie situazioni. Non sono una serie di ricette standard per situazioni predefinite, ma linee guida che preparano ad osservare ed affrontare l’imprevisto. Implicano la disponibilità a confrontarsi con le diversità in modo </span><span style="font-weight: 400;">etno relativo</span><span style="font-weight: 400;">, cioè prendendo in considerazione valori e comportamenti da una prospettiva più ampia, senza vedere i propri come normali o superiori. Inoltre è da evitare il meccanismo di </span><i><span style="font-weight: 400;">alterità</span></i><span style="font-weight: 400;">, i</span><span style="font-weight: 400;">nteso come percepire il mondo a fazioni, noi contro loro, dove gli altri sono tutte le persone diverse da se stessi. Identificare ed etichettare qualcuno come “l’altro” tende ad attribuirgli un’identità che può essere difficile da mettere da parte, motivo per cui le competenze interculturali comprendono anche questioni di potere.</span></p>
<p><span style="font-weight: 400;">Le competenze interculturali sono strettamente collegate all&#8217;empatia, alla capacità di osservazione e di ascolto, alla flessibilità, alla capacità di risoluzione del conflitto e alla tolleranza per le ambiguità. Sono anche connesse alla responsabilità civica, ai valori di democrazia e ai diritti umani.</span></p>
<p><b>Il presunto concetto di cultura</b></p>
<p><span style="font-weight: 400;">La visione non-essenzialista della cultura (</span><i><span style="font-weight: 400;">Adrian Holliday, 2011</span></i><span style="font-weight: 400;">) afferma la complessità e la molteplicità delle identità individuali, ben oltre i contesti geografici o addirittura familiari. Le persone possono far parte di gruppi o culture diverse, che possono essere definiti da nazionalità, etnia, linguaggio, età, classe sociale, sesso, religione, orientamento politico, sessuale, ecc. Il senso di appartenenza non è solo molteplice ma cambia, aumentando o diminuendo a seconda del contesto, delle interazioni e degli interlocutori. L’identità culturale può essere incoerente, negoziata e costruita in diverse situazioni e può dipendere da molti fattori.</span></p>
<p><b>Situazioni interculturali </b><span style="font-weight: 400;">(Barrett. M. et alii,</span> <span style="font-weight: 400;">2016</span><i><span style="font-weight: 400;">, Competences for Democratic Culture: Living together as equals in culturally diverse democratic societies,  p. 20)</span></i></p>
<p><span style="font-weight: 400;">Ogni interazione interpersonale è potenzialmente una situazione interculturale. Spesso quando incontriamo altre persone, le riconosciamo come individui con una serie di caratteristiche personali che li distinguono dagli altri. Altre volte, invece, le riconosciamo attraverso le loro caratteristiche culturali e le raggruppiamo insieme ad altre persone con gli stessi attributi. Diversi fattori possono causare il cambio di prospettiva da individuale a culturale. Ad esempio:</span></p>
<ul>
<li style="font-weight: 400;"><span style="font-weight: 400;">la presenza di simboli o rituali che richiamano gli aspetti culturali nella mente di chi osserva;</span></li>
<li style="font-weight: 400;"><span style="font-weight: 400;">l’uso frequente degli stessi attributi culturali quando si pensa o parla di altre persone, che li rende più facilmente accessibili nella mente dell’osservatore;</span></li>
<li style="font-weight: 400;"><span style="font-weight: 400;">l’utilità di un attributo culturale nell&#8217;aiutare a comprendere il comportamento delle altre persone.</span></li>
</ul>
<p><span style="font-weight: 400;">Le situazioni interculturali possono quindi emergere quando una persona percepisce un individuo (o un gruppo) come diversa da sé.</span><span style="font-weight: 400;"> Ogni essere umano è esposto frequentemente a situazioni interculturali con o senza interazione con altri.</span></p>
<p><b>L’apprendimento delle competenze interculturali</b><span style="font-weight: 400;"> (o apprendimento interculturale) è un processo che dura tutta la vita e ha risultati migliori attraverso un </span><span style="font-weight: 400;">apprendimento cosciente, pianificato e guidato</span><span style="font-weight: 400;"> (D. A. Kolb, 2015,</span><i><span style="font-weight: 400;"> Experiential Learning: experience as the source of learning and development</span></i><span style="font-weight: 400;">). È importante ricordarsi che l’esposizione e l’interazione con persone di culture diverse non implica o garantisce un apprendimento interculturale (Y. Amir, 1969,</span><i><span style="font-weight: 400;"> Contact Hypothesis</span></i><span style="font-weight: 400;">). È degno di nota che l’ambito dell’apprendimento non formale abbia ottenuto finora risultati migliori nell’agevolazione di questi processi di apprendimento.</span></p>
<p><b>La valutazione delle competenze interculturali</b><span style="font-weight: 400;"> è impossibile da monitorare attraverso processi di valutazione standard, come nei casi di capacità e competenze complesse basate sul comportamento. Poiché il processo di apprendimento interculturale dura tutta la vita, nessuna competenza può mai essere appresa perfettamente. La valutazione dovrebbe essere qualitativa, formativa, volontaria e incentrata sulla persona che apprende.</span></p>

<p>[vc_row][vc_column width=&#8221;2/3&#8243;][vc_column_text] Che cosa sono le competenze interculturali? Le competenze interculturali comprendono le capacità di riconoscere ed apprezzare le diversità altrui e i modi in cui queste entrano in gioco in varie situazioni. Non sono una serie di ricette standard per situazioni predefinite, ma linee guida che preparano ad osservare ed affrontare l’imprevisto. Implicano la [&hellip;]</p>
