{"id":1019,"date":"2017-08-28T06:32:35","date_gmt":"2017-08-28T04:32:35","guid":{"rendered":"http:\/\/intercultural-learning.eu\/formazione-professori\/"},"modified":"2018-11-29T17:26:47","modified_gmt":"2018-11-29T16:26:47","slug":"formazione-professori","status":"publish","type":"page","link":"https:\/\/intercultural-learning.eu\/it\/formazione-professori\/","title":{"rendered":"Formazione professori"},"content":{"rendered":"<p>[vc_row][vc_column][vc_column_text]<\/p>\n<h1>PRESENTAZIONE DELLA FORMAZIONE DEGLI INSEGNANTI<\/h1>\n<p>[\/vc_column_text][vcex_spacing][vcex_teaser style=&#8221;four&#8221; css_animation=&#8221;bounceIn&#8221; text_align=&#8221;right&#8221; heading=&#8221;PROSSIMI EVENTI DI FORMAZIONE&#8221; img_size=&#8221;full&#8221; hover_animation=&#8221;bounce-in&#8221; border_color=&#8221;#dd9933&#8243; heading_color=&#8221;#dd9933&#8243; url=&#8221;url:http%3A%2F%2Fintercultural-learning.eu%2Fteacher-training%2Fupcoming-trainings%2F|||&#8221;][\/vcex_teaser][vc_column_text]Sviluppare competenze interculturali significa imparare a capire come pensano, sentono e agiscono altre persone. Abbiamo bisogno di competenze interculturali non solo per comprendere persone di culture diverse, ma anche per superare le differenze all&#8217;interno della nostra stessa cultura.<br \/>\nIl progetto pilota Erasmus+ Intercultural Learning for Pupils and Teachers ha sviluppato un corso di formazione per insegnanti mirato a sviluppare maggiori competenze interculturali. Il corso \u00e8 completato da una \u201ccassetta degli attrezzi\u201d (una toolbox) mirata ad includere un approccio interculturale al programma scolastico.<br \/>\nDurante &#8220;Intercultural Learning for Pupils and Teachers&#8221; tutte le organizzazioni aderenti al progetto hanno organizzato corsi di formazione per insegnanti tra ottobre 2017 e marzo 2018: al termine del progetto circa 300 insegnanti europei sono stati formati nei Paesi delle organizzazioni partner e oltre 4000 studenti hanno seguito con grande successo alcune delle attivit\u00e0 della Toolbox.<\/p>\n<p>Le sessioni di formazione vengono ora pubblicate online er quei docenti e formatori interessati a organizzare percorsi di formazione per i loro colleghi nelle loro scuole. Il percoso mira a rendere i partecipanti<\/p>\n<ol>\n<li style=\"font-weight: 400;\"><span style=\"font-weight: 400;\">consapevoli e in grado di presentare le proprie esperienze interculturali e migliorare le loro competenze<\/span><\/li>\n<li style=\"font-weight: 400;\"><span style=\"font-weight: 400;\">capaci di collegare alcune teorie educative interculturali ai comportamenti osservati<\/span><\/li>\n<li style=\"font-weight: 400;\"><span style=\"font-weight: 400;\">consapevoli delle opportunit\u00e0 di mobilit\u00e0 per i loro studenti e di come valorizzarle<\/span><\/li>\n<li style=\"font-weight: 400;\"><span style=\"font-weight: 400;\">in grado di iniziare a valutare le competenze interculturali dei loro alunni<\/span><\/li>\n<li style=\"font-weight: 400;\"><span style=\"font-weight: 400;\">orientati ad implementare un approccio sistemico all\u2019apprendimento interculturale all\u2019interno della propria scuola <\/span><\/li>\n<li style=\"font-weight: 400;\"><span style=\"font-weight: 400;\">in grado di approfondire le risorse esistenti <\/span><i><span style=\"font-weight: 400;\">online<\/span><\/i><\/li>\n<li style=\"font-weight: 400;\"><span style=\"font-weight: 400;\">in grado di creare moduli di apprendimento interculturale collegati a specifici programmi di studio e a progetti interdisciplinari<\/span><\/li>\n<\/ol>\n<p><span style=\"font-weight: 400;\">Nelle pagine seguenti vengono suggerite tre agende e otto sessioni di formazione a cui le scuole o le comunit\u00e0 educative si possono ispirare. I partner del progetto pilota Erasmus sono disponibili a dare suggerimenti, consigli o sostegno a tutti gli interessati. <\/span>[\/vc_column_text][\/vc_column][\/vc_row][vc_row][vc_column][vc_column_text]<\/p>\n<h2>Descrizione delle Sessioni<\/h2>\n<p><span style=\"font-weight: 400;\">Le singole sessioni possono essere assemblate insieme a seconda del tempo disponibile per il corso. <\/span><\/p>\n<p><span style=\"font-weight: 400;\">&#8220;<\/span><i><span style=\"font-weight: 400;\">Benvenuto e introduzione&#8221;<\/span><\/i><span style=\"font-weight: 400;\"> \u00a0serve come introduzione e rompighiaccio, &#8220;<\/span><i><span style=\"font-weight: 400;\">Il mio io interculturale<\/span><\/i><span style=\"font-weight: 400;\">&#8221; mira a far riflettere gli insegnanti su se stessi come esseri interculturali e presenta alcuni dei concetti base sull&#8217;apprendimento interculturale. <\/span><i><span style=\"font-weight: 400;\">&#8220;Apprendimento interculturale nell&#8217;educazione<\/span><\/i><span style=\"font-weight: 400;\">&#8220;<\/span> <span style=\"font-weight: 400;\">fornisce informazioni sulle linee guida istituzionali sull\u2019argomento e aiuta i partecipanti a condividere esperienze su come questi percorsi sono gi\u00e0 affrontati nelle loro scuole. &#8220;<\/span><i><span style=\"font-weight: 400;\">Suggerimenti per la valutazione delle competenze interculturali&#8221; \u00a0<\/span><\/i><span style=\"font-weight: 400;\">fornisce alcuni riferimenti per la valutazione delle competenze interculturali con indicazione di possibili strumenti, risorse, bibliografia. &#8220;<\/span><i><span style=\"font-weight: 400;\">Introdurre la Toolbox per l&#8217;apprendimento interculturale a scuola e D.I.V.E.&#8221; cos\u00ec come &#8220;Le opportunit\u00e0 offerte dalle attivit\u00e0 della Toolbox&#8221; <\/span><\/i><span style=\"font-weight: 400;\">hanno lo scopo di far conoscere la toolbox pubblicata nel sito web e di praticare alcune delle attivit\u00e0 proposte. &#8220;<\/span><i><span style=\"font-weight: 400;\">Pianificazione dell&#8217;implementazione del Toolbox Interculturale nella scuola<\/span><\/i><span style=\"font-weight: 400;\">&#8221; si \u00a0concentra sull&#8217;organizzazione di un piano da sviluppare nella scuola di provenienza dei partecipanti. La &#8220;<\/span><i><span style=\"font-weight: 400;\">sessione di chiusura&#8221; <\/span><\/i><span style=\"font-weight: 400;\">consente ai partecipanti di riflettere su ci\u00f2 che hanno appreso.<\/span><\/p>\n<p>&nbsp;<\/p>\n<ul>\n<li style=\"text-align: left;\">\n<h3><a href=\"https:\/\/intercultural-learning.eu\/it\/formazione-professori\/programma-per-tre-giornate-di-formazione\/\" target=\"_blank\" rel=\"noopener\">Programma per 3 giorni di corso di formazione<\/a><\/h3>\n<\/li>\n<li style=\"text-align: left;\">\n<h3><a href=\"https:\/\/intercultural-learning.eu\/teacher-training\/intercultural-learning-at-school\/two-day-agenda\/\" target=\"_blank\" rel=\"noopener\">Programma per 2 giorni di corso di formazione<\/a><\/h3>\n<\/li>\n<li style=\"text-align: left;\">\n<h3><a href=\"https:\/\/intercultural-learning.eu\/teacher-training\/intercultural-learning-at-school\/one-day-agenda\/\" target=\"_blank\" rel=\"noopener\">Programma per 1 giorni di corso di formazione<\/a><\/h3>\n<\/li>\n<\/ul>\n<p>[\/vc_column_text][\/vc_column][\/vc_row][vc_row][vc_column width=&#8221;3\/6&#8243;][vc_column_text]<\/p>\n<h2>Prima di Iniziare<\/h2>\n<h4><span style=\"font-weight: 400;\">Per ottenere il massimo dalle sessioni di formazione, i partecipanti dovrebbero essere invitati a svolgere in anticipo alcuni compiti:<\/span><\/h4>\n<ul>\n<li>Riflessioni sull&#8217;apprendimento interculturale:\n<ul>\n<li>riflettere su cosa sia l&#8217;apprendimento interculturale.<\/li>\n<li>riflettere su se e come l&#8217;apprendimento interculturale \u00e8 presente nella loro pratica di insegnamento.<\/li>\n<\/ul>\n<\/li>\n<li><strong>Questionario sulla dimensione interculturale della scuola:<\/strong> completare il \u201cQuestionario di autovalutazione della dimensione interculturale della propria scuola\u201d (<a href=\"https:\/\/intercultural-learning.eu\/it\/?p=2388\" target=\"_blank\" rel=\"noopener\">disponibile qui<\/a>) , insieme al proprio dirigente scolastico per definire i bisogni e le priorit\u00e0 della scuola stessa. Una copia del questionario compilato va portata all\u2019incontro di formazione e verr\u00e0 utilizzata in una delle<\/li>\n<li><strong>Riflessione sugli &#8220;incidenti critici&#8221;:<\/strong> un incidente critico \u00e8 il risultato di incomprensioni o conflitti interculturali che hanno portato a nuove conoscenze e abilit\u00e0. \u00c8 dovuto a un&#8217;interazione inaspettata o casuale con una o pi\u00f9 persone di background, credenze o comportamenti diversi dal proprio o da ci\u00f2 a cui si \u00e8 pi\u00f9 abituati. I partecipanti dovrebbero pensare a un incontro interculturale di cui hanno fatto parte o di cui sono a conoscenza, ricordando le loro sensazioni e reazioni per essere pronti a condividerlo con una o pi\u00f9 persone durante il corso di formazione.<\/li>\n<li>Infine si consiglia di chiedere ai partecipanti di portare i propri personal computer per esplorare i contenuti nel sito Web e della toolbox delle attivit\u00e0.<\/li>\n<li><strong>Spazi e materiali:<\/strong> molte delle attivit\u00e0 suggerite sono interattive. Pertanto, le attivit\u00e0 di formazione richiedono una grande sala per accogliere tutti i partecipanti con uno spazio appropriato affinch\u00e9 si possano muovere per le attivit\u00e0 dinamiche. La stanza dovrebbe essere allestita con sedie disposte a semicerchio e dovrebbe includere:\n<ul>\n<li><span style=\"font-weight: 400;\">un computer con connessione a Internet<\/span><\/li>\n<li><span style=\"font-weight: 400;\">un proiettore e lo schermo per la proiezione di dati <\/span><\/li>\n<li><span style=\"font-weight: 400;\">una stampante con eventuali cartucce aggiuntive di inchiostro o toner <\/span><\/li>\n<li><span style=\"font-weight: 400;\">una lavagna a fogli mobili<\/span><\/li>\n<li><span style=\"font-weight: 400;\">50 fogli di carta a fogli mobili<\/span><\/li>\n<li><span style=\"font-weight: 400;\">pareti o spazio per poter appendere i poster con i risultati del lavoro dei partecipanti<\/span><\/li>\n<\/ul>\n<\/li>\n<\/ul>\n<p>[\/vc_column_text][\/vc_column][vc_column width=&#8221;1\/6&#8243;][vcex_spacing][\/vc_column][vc_column width=&#8221;2\/6&#8243;][vc_column_text]<\/p>\n<h2>I Materiali Necessari Ai Partecipanti Per Svolgere Le Attivit\u00e0 di Formazione<\/h2>\n<p>Lista consigliata: l\u2019elenco che segue \u00e8 stato stilato pensando a un seminario di tre giorni per un gruppo di 20 partecipanti. Le quantit\u00e0 dovrebbero essere adattate in base al numero e tenendo conto di eventuali variazioni all&#8217;ordine del giorno, qualora venga modificato o vengano previste attivit\u00e0 aggiuntive.<br \/>\nPrestare attenzione alla sostenibilit\u00e0: <strong>RIUTILIZZARE<\/strong>, <strong>RIDURRE<\/strong> E <strong>RICICLARE<\/strong>!<\/p>\n<ul>\n<li><i><span style=\"font-weight: 400;\">100 fogli di carta bianca A4<\/span><\/i><\/li>\n<li><i><span style=\"font-weight: 400;\">50 fogli di carta colorata A4 \u00a0(soprattutto in diversi <\/span><\/i><a href=\"https:\/\/community.afsworldcafe.org\/brandcenter\/w\/brand-platform\/459.4-color-palette\"><i><span style=\"font-weight: 400;\">colori<\/span><\/i><\/a><i><span style=\"font-weight: 400;\">)<\/span><\/i><\/li>\n<li><i><span style=\"font-weight: 400;\">24 fogli di indici A5 colorati (in diversi colori)<\/span><\/i><\/li>\n<li>5 pad colorati di note Post-it (di varie dimensioni, stili )<\/li>\n<li><i><span style=\"font-weight: 400;\">3 pennarelli neri, buona qualit\u00e0<\/span><\/i><\/li>\n<li><i><span style=\"font-weight: 400;\">8 pennarelli colorati, buona qualit\u00e0<\/span><\/i><\/li>\n<li><i><span style=\"font-weight: 400;\">12 pennarelli \u00a0colorati<\/span><\/i><\/li>\n<li><i><span style=\"font-weight: 400;\">3 singoli rotoli di nastro adesivo di buona qualit\u00e0<\/span><\/i><\/li>\n<li><i><span style=\"font-weight: 400;\">10 fogli di punti colorati<\/span><\/i><\/li>\n<li><i><span style=\"font-weight: 400;\">25 penne (nero o blu)<\/span><\/i><\/li>\n<li><i><span style=\"font-weight: 400;\">1 spillatrice e molte graffette<\/span><\/i><\/li>\n<li><i><span style=\"font-weight: 400;\">2 tubi di colla<\/span><\/i><\/li>\n<li><i><span style=\"font-weight: 400;\">2 paia di forbici<\/span><\/i><\/li>\n<\/ul>\n<p>[\/vc_column_text][\/vc_column][\/vc_row][vc_row][vc_column][\/vc_column][\/vc_row]<\/p>\n","protected":false},"excerpt":{"rendered":"<p>[vc_row][vc_column][vc_column_text] PRESENTAZIONE DELLA FORMAZIONE DEGLI INSEGNANTI [\/vc_column_text][vcex_spacing][vcex_teaser style=&#8221;four&#8221; css_animation=&#8221;bounceIn&#8221; text_align=&#8221;right&#8221; heading=&#8221;PROSSIMI EVENTI DI FORMAZIONE&#8221; img_size=&#8221;full&#8221; hover_animation=&#8221;bounce-in&#8221; border_color=&#8221;#dd9933&#8243; heading_color=&#8221;#dd9933&#8243; url=&#8221;url:http%3A%2F%2Fintercultural-learning.eu%2Fteacher-training%2Fupcoming-trainings%2F|||&#8221;][\/vcex_teaser][vc_column_text]Sviluppare competenze interculturali significa imparare a capire come pensano, sentono e agiscono altre persone. Abbiamo bisogno di competenze interculturali non solo per comprendere persone di culture diverse, ma anche per superare le differenze all&#8217;interno della nostra stessa [&hellip;]<\/p>\n","protected":false},"author":1,"featured_media":0,"parent":0,"menu_order":0,"comment_status":"closed","ping_status":"closed","template":"","meta":{"_themeisle_gutenberg_block_has_review":false,"footnotes":""},"class_list":["post-1019","page","type-page","status-publish","hentry"],"_links":{"self":[{"href":"https:\/\/intercultural-learning.eu\/it\/wp-json\/wp\/v2\/pages\/1019\/"}],"collection":[{"href":"https:\/\/intercultural-learning.eu\/it\/wp-json\/wp\/v2\/pages\/"}],"about":[{"href":"https:\/\/intercultural-learning.eu\/it\/wp-json\/wp\/v2\/types\/page\/"}],"author":[{"embeddable":true,"href":"https:\/\/intercultural-learning.eu\/it\/wp-json\/wp\/v2\/users\/1\/"}],"replies":[{"embeddable":true,"href":"https:\/\/intercultural-learning.eu\/it\/wp-json\/wp\/v2\/comments\/?post=1019"}],"version-history":[{"count":15,"href":"https:\/\/intercultural-learning.eu\/it\/wp-json\/wp\/v2\/pages\/1019\/revisions\/"}],"predecessor-version":[{"id":3732,"href":"https:\/\/intercultural-learning.eu\/it\/wp-json\/wp\/v2\/pages\/1019\/revisions\/3732\/"}],"wp:attachment":[{"href":"https:\/\/intercultural-learning.eu\/it\/wp-json\/wp\/v2\/media\/?parent=1019"}],"curies":[{"name":"wp","href":"https:\/\/api.w.org\/{rel}","templated":true}]}}

<p>[vc_row][vc_column][vc_column_text]</p>
<h1>PRESENTAZIONE DELLA FORMAZIONE DEGLI INSEGNANTI</h1>
<p>[/vc_column_text][vcex_spacing][vcex_teaser style=&#8221;four&#8221; css_animation=&#8221;bounceIn&#8221; text_align=&#8221;right&#8221; heading=&#8221;PROSSIMI EVENTI DI FORMAZIONE&#8221; img_size=&#8221;full&#8221; hover_animation=&#8221;bounce-in&#8221; border_color=&#8221;#dd9933&#8243; heading_color=&#8221;#dd9933&#8243; url=&#8221;url:http%3A%2F%2Fintercultural-learning.eu%2Fteacher-training%2Fupcoming-trainings%2F|||&#8221;][/vcex_teaser][vc_column_text]Sviluppare competenze interculturali significa imparare a capire come pensano, sentono e agiscono altre persone. Abbiamo bisogno di competenze interculturali non solo per comprendere persone di culture diverse, ma anche per superare le differenze all&#8217;interno della nostra stessa cultura.<br />
Il progetto pilota Erasmus+ Intercultural Learning for Pupils and Teachers ha sviluppato un corso di formazione per insegnanti mirato a sviluppare maggiori competenze interculturali. Il corso è completato da una “cassetta degli attrezzi” (una toolbox) mirata ad includere un approccio interculturale al programma scolastico.<br />
Durante &#8220;Intercultural Learning for Pupils and Teachers&#8221; tutte le organizzazioni aderenti al progetto hanno organizzato corsi di formazione per insegnanti tra ottobre 2017 e marzo 2018: al termine del progetto circa 300 insegnanti europei sono stati formati nei Paesi delle organizzazioni partner e oltre 4000 studenti hanno seguito con grande successo alcune delle attività della Toolbox.</p>
<p>Le sessioni di formazione vengono ora pubblicate online er quei docenti e formatori interessati a organizzare percorsi di formazione per i loro colleghi nelle loro scuole. Il percoso mira a rendere i partecipanti</p>
<ol>
<li style="font-weight: 400;"><span style="font-weight: 400;">consapevoli e in grado di presentare le proprie esperienze interculturali e migliorare le loro competenze</span></li>
<li style="font-weight: 400;"><span style="font-weight: 400;">capaci di collegare alcune teorie educative interculturali ai comportamenti osservati</span></li>
<li style="font-weight: 400;"><span style="font-weight: 400;">consapevoli delle opportunità di mobilità per i loro studenti e di come valorizzarle</span></li>
<li style="font-weight: 400;"><span style="font-weight: 400;">in grado di iniziare a valutare le competenze interculturali dei loro alunni</span></li>
<li style="font-weight: 400;"><span style="font-weight: 400;">orientati ad implementare un approccio sistemico all’apprendimento interculturale all’interno della propria scuola </span></li>
<li style="font-weight: 400;"><span style="font-weight: 400;">in grado di approfondire le risorse esistenti </span><i><span style="font-weight: 400;">online</span></i></li>
<li style="font-weight: 400;"><span style="font-weight: 400;">in grado di creare moduli di apprendimento interculturale collegati a specifici programmi di studio e a progetti interdisciplinari</span></li>
</ol>
<p><span style="font-weight: 400;">Nelle pagine seguenti vengono suggerite tre agende e otto sessioni di formazione a cui le scuole o le comunità educative si possono ispirare. I partner del progetto pilota Erasmus sono disponibili a dare suggerimenti, consigli o sostegno a tutti gli interessati. </span>[/vc_column_text][/vc_column][/vc_row][vc_row][vc_column][vc_column_text]</p>
<h2>Descrizione delle Sessioni</h2>
<p><span style="font-weight: 400;">Le singole sessioni possono essere assemblate insieme a seconda del tempo disponibile per il corso. </span></p>
<p><span style="font-weight: 400;">&#8220;</span><i><span style="font-weight: 400;">Benvenuto e introduzione&#8221;</span></i><span style="font-weight: 400;">  serve come introduzione e rompighiaccio, &#8220;</span><i><span style="font-weight: 400;">Il mio io interculturale</span></i><span style="font-weight: 400;">&#8221; mira a far riflettere gli insegnanti su se stessi come esseri interculturali e presenta alcuni dei concetti base sull&#8217;apprendimento interculturale. </span><i><span style="font-weight: 400;">&#8220;Apprendimento interculturale nell&#8217;educazione</span></i><span style="font-weight: 400;">&#8220;</span> <span style="font-weight: 400;">fornisce informazioni sulle linee guida istituzionali sull’argomento e aiuta i partecipanti a condividere esperienze su come questi percorsi sono già affrontati nelle loro scuole. &#8220;</span><i><span style="font-weight: 400;">Suggerimenti per la valutazione delle competenze interculturali&#8221;  </span></i><span style="font-weight: 400;">fornisce alcuni riferimenti per la valutazione delle competenze interculturali con indicazione di possibili strumenti, risorse, bibliografia. &#8220;</span><i><span style="font-weight: 400;">Introdurre la Toolbox per l&#8217;apprendimento interculturale a scuola e D.I.V.E.&#8221; così come &#8220;Le opportunità offerte dalle attività della Toolbox&#8221; </span></i><span style="font-weight: 400;">hanno lo scopo di far conoscere la toolbox pubblicata nel sito web e di praticare alcune delle attività proposte. &#8220;</span><i><span style="font-weight: 400;">Pianificazione dell&#8217;implementazione del Toolbox Interculturale nella scuola</span></i><span style="font-weight: 400;">&#8221; si  concentra sull&#8217;organizzazione di un piano da sviluppare nella scuola di provenienza dei partecipanti. La &#8220;</span><i><span style="font-weight: 400;">sessione di chiusura&#8221; </span></i><span style="font-weight: 400;">consente ai partecipanti di riflettere su ciò che hanno appreso.</span></p>
<p>&nbsp;</p>
<ul>
<li style="text-align: left;">
<h3><a href="https://intercultural-learning.eu/it/formazione-professori/programma-per-tre-giornate-di-formazione/" target="_blank" rel="noopener">Programma per 3 giorni di corso di formazione</a></h3>
</li>
<li style="text-align: left;">
<h3><a href="https://intercultural-learning.eu/teacher-training/intercultural-learning-at-school/two-day-agenda/" target="_blank" rel="noopener">Programma per 2 giorni di corso di formazione</a></h3>
</li>
<li style="text-align: left;">
<h3><a href="https://intercultural-learning.eu/teacher-training/intercultural-learning-at-school/one-day-agenda/" target="_blank" rel="noopener">Programma per 1 giorni di corso di formazione</a></h3>
</li>
</ul>
<p>[/vc_column_text][/vc_column][/vc_row][vc_row][vc_column width=&#8221;3/6&#8243;][vc_column_text]</p>
<h2>Prima di Iniziare</h2>
<h4><span style="font-weight: 400;">Per ottenere il massimo dalle sessioni di formazione, i partecipanti dovrebbero essere invitati a svolgere in anticipo alcuni compiti:</span></h4>
<ul>
<li>Riflessioni sull&#8217;apprendimento interculturale:
<ul>
<li>riflettere su cosa sia l&#8217;apprendimento interculturale.</li>
<li>riflettere su se e come l&#8217;apprendimento interculturale è presente nella loro pratica di insegnamento.</li>
</ul>
</li>
<li><strong>Questionario sulla dimensione interculturale della scuola:</strong> completare il “Questionario di autovalutazione della dimensione interculturale della propria scuola” (<a href="https://intercultural-learning.eu/it/?p=2388" target="_blank" rel="noopener">disponibile qui</a>) , insieme al proprio dirigente scolastico per definire i bisogni e le priorità della scuola stessa. Una copia del questionario compilato va portata all’incontro di formazione e verrà utilizzata in una delle</li>
<li><strong>Riflessione sugli &#8220;incidenti critici&#8221;:</strong> un incidente critico è il risultato di incomprensioni o conflitti interculturali che hanno portato a nuove conoscenze e abilità. È dovuto a un&#8217;interazione inaspettata o casuale con una o più persone di background, credenze o comportamenti diversi dal proprio o da ciò a cui si è più abituati. I partecipanti dovrebbero pensare a un incontro interculturale di cui hanno fatto parte o di cui sono a conoscenza, ricordando le loro sensazioni e reazioni per essere pronti a condividerlo con una o più persone durante il corso di formazione.</li>
<li>Infine si consiglia di chiedere ai partecipanti di portare i propri personal computer per esplorare i contenuti nel sito Web e della toolbox delle attività.</li>
<li><strong>Spazi e materiali:</strong> molte delle attività suggerite sono interattive. Pertanto, le attività di formazione richiedono una grande sala per accogliere tutti i partecipanti con uno spazio appropriato affinché si possano muovere per le attività dinamiche. La stanza dovrebbe essere allestita con sedie disposte a semicerchio e dovrebbe includere:
<ul>
<li><span style="font-weight: 400;">un computer con connessione a Internet</span></li>
<li><span style="font-weight: 400;">un proiettore e lo schermo per la proiezione di dati </span></li>
<li><span style="font-weight: 400;">una stampante con eventuali cartucce aggiuntive di inchiostro o toner </span></li>
<li><span style="font-weight: 400;">una lavagna a fogli mobili</span></li>
<li><span style="font-weight: 400;">50 fogli di carta a fogli mobili</span></li>
<li><span style="font-weight: 400;">pareti o spazio per poter appendere i poster con i risultati del lavoro dei partecipanti</span></li>
</ul>
</li>
</ul>
<p>[/vc_column_text][/vc_column][vc_column width=&#8221;1/6&#8243;][vcex_spacing][/vc_column][vc_column width=&#8221;2/6&#8243;][vc_column_text]</p>
<h2>I Materiali Necessari Ai Partecipanti Per Svolgere Le Attività di Formazione</h2>
<p>Lista consigliata: l’elenco che segue è stato stilato pensando a un seminario di tre giorni per un gruppo di 20 partecipanti. Le quantità dovrebbero essere adattate in base al numero e tenendo conto di eventuali variazioni all&#8217;ordine del giorno, qualora venga modificato o vengano previste attività aggiuntive.<br />
Prestare attenzione alla sostenibilità: <strong>RIUTILIZZARE</strong>, <strong>RIDURRE</strong> E <strong>RICICLARE</strong>!</p>
<ul>
<li><i><span style="font-weight: 400;">100 fogli di carta bianca A4</span></i></li>
<li><i><span style="font-weight: 400;">50 fogli di carta colorata A4  (soprattutto in diversi </span></i><a href="https://community.afsworldcafe.org/brandcenter/w/brand-platform/459.4-color-palette"><i><span style="font-weight: 400;">colori</span></i></a><i><span style="font-weight: 400;">)</span></i></li>
<li><i><span style="font-weight: 400;">24 fogli di indici A5 colorati (in diversi colori)</span></i></li>
<li>5 pad colorati di note Post-it (di varie dimensioni, stili )</li>
<li><i><span style="font-weight: 400;">3 pennarelli neri, buona qualità</span></i></li>
<li><i><span style="font-weight: 400;">8 pennarelli colorati, buona qualità</span></i></li>
<li><i><span style="font-weight: 400;">12 pennarelli  colorati</span></i></li>
<li><i><span style="font-weight: 400;">3 singoli rotoli di nastro adesivo di buona qualità</span></i></li>
<li><i><span style="font-weight: 400;">10 fogli di punti colorati</span></i></li>
<li><i><span style="font-weight: 400;">25 penne (nero o blu)</span></i></li>
<li><i><span style="font-weight: 400;">1 spillatrice e molte graffette</span></i></li>
<li><i><span style="font-weight: 400;">2 tubi di colla</span></i></li>
<li><i><span style="font-weight: 400;">2 paia di forbici</span></i></li>
</ul>
<p>[/vc_column_text][/vc_column][/vc_row][vc_row][vc_column][/vc_column][/vc_row]</p>
