{"id":3333,"date":"2018-09-17T15:34:05","date_gmt":"2018-09-17T13:34:05","guid":{"rendered":"http:\/\/intercultural-learning.eu\/formation-denseignants\/agenda-trois-jours\/mon-moi-interculturel\/"},"modified":"2018-09-20T11:43:34","modified_gmt":"2018-09-20T09:43:34","slug":"mon-moi-interculturel","status":"publish","type":"page","link":"https:\/\/intercultural-learning.eu\/fr\/formation-denseignants\/agenda-trois-jours\/mon-moi-interculturel\/","title":{"rendered":"MON MOI INTERCULTUREL"},"content":{"rendered":"<p>[vc_row][vc_column][vc_column_text]<\/p>\n<h1>MON MOI INTERCULTUREL<\/h1>\n<p>[\/vc_column_text][\/vc_column][\/vc_row][vc_row][vc_column][vc_column_text]<\/p>\n<h4><b>Temps requis : <\/b><span style=\"font-weight: 400;\">180 minutes<\/span><\/h4>\n<p>[\/vc_column_text][\/vc_column][\/vc_row][vc_row][vc_column width=\u00a0\u00bb1\/3&Prime;][vc_column_text]<\/p>\n<h3><b>Objectifs d&rsquo;apprentissage<\/b><\/h3>\n<p><span style=\"font-weight: 400;\">A la fin de la session, les participants seront capables de:<\/span><\/p>\n<ol>\n<li><span style=\"font-weight: 400;\"> \u00a0\u00a0\u00a0\u00a0\u00a0Se d\u00e9finir selon leur identit\u00e9 culturelle<\/span><\/li>\n<li><span style=\"font-weight: 400;\"> \u00a0\u00a0\u00a0\u00a0\u00a0Exprimer clairement une d\u00e9finition de la culture<\/span><\/li>\n<li><span style=\"font-weight: 400;\">\u00a0 \u00a0 \u00a0D\u00e9crire comment les trois mod\u00e8les de la culture repr\u00e9sentent le concept de <\/span><\/li>\n<\/ol>\n<p>[\/vc_column_text][\/vc_column][vc_column width=\u00a0\u00bb1\/3&Prime;][vc_column_text]<\/p>\n<h3><b>Objectifs de la session<\/b><\/h3>\n<ul>\n<li><span style=\"font-weight: 400;\"> Encourager la curiosit\u00e9 des participants sur les diff\u00e9rences entre cultures et la conscience de soi en terme de leur propre identit\u00e9 culturelle.<\/span><\/li>\n<li><span style=\"font-weight: 400;\"> Pr\u00e9senter une d\u00e9finition de la culture<\/span><\/li>\n<li><span style=\"font-weight: 400;\"> Pr\u00e9senter trois mod\u00e8les de culture<\/span><\/li>\n<\/ul>\n<p>[\/vc_column_text][\/vc_column][vc_column width=\u00a0\u00bb1\/3&Prime;][vc_column_text]<\/p>\n<h3>Am\u00e9nagement de l&rsquo;espace<\/h3>\n<ul>\n<li><b> <\/b><span style=\"font-weight: 400;\">Des chaises en demi-cercle<\/span><\/li>\n<li><span style=\"font-weight: 400;\"> Un espace o\u00f9 peuvent se d\u00e9placer librement les participants<\/span><\/li>\n<\/ul>\n<p>[\/vc_column_text][\/vc_column][\/vc_row][vc_row][vc_column width=\u00a0\u00bb1\/2&Prime;][vc_column_text]<\/p>\n<h3><b>Mat\u00e9riel n\u00e9cessaire<\/b><\/h3>\n<ul>\n<li style=\"font-weight: 400;\"><span style=\"font-weight: 400;\">Un ordinateur avec une connexion Internet<\/span><\/li>\n<li style=\"font-weight: 400;\"><span style=\"font-weight: 400;\">Un paper-board (avec assez de feuille<\/span><\/li>\n<li style=\"font-weight: 400;\"><span style=\"font-weight: 400;\">Des marqueurs de couleur<\/span><\/li>\n<li style=\"font-weight: 400;\"><span style=\"font-weight: 400;\">Des feuilles de papiers A4 &amp; des stylos<\/span><\/li>\n<\/ul>\n<p><span style=\"font-weight: 400;\">La pr\u00e9sentation PowerPoint \u00ab\u00a0<a href=\"http:\/\/intercultural-learning.eu\/wp-content\/uploads\/2018\/09\/WEB-2-Mon-moi-Interculturel.pdf\" target=\"_blank\" rel=\"noopener\">Mon moi interculturel<\/a>\u00ab\u00a0<\/span>[\/vc_column_text][\/vc_column][vc_column width=\u00a0\u00bb1\/2&Prime;][vc_column_text]<\/p>\n<h3><b>Pr\u00e9paration<\/b><\/h3>\n<p><span style=\"font-weight: 400;\">Avant d&rsquo;arriver, les participants seront amen\u00e9s \u00e0 r\u00e9fl\u00e9chir \u00e0 un incident critique. Lors de la session, ils le partageront et r\u00e9fl\u00e9chiront davantage dessus.<\/span>[\/vc_column_text][\/vc_column][\/vc_row][vc_row][vc_column][vc_column_text]<\/p>\n<h2><b>Description de la session pas \u00e0 pas<\/b><\/h2>\n<p>[\/vc_column_text][\/vc_column][\/vc_row][vc_row][vc_column][vc_column_text]<\/p>\n<h3><span style=\"font-weight: 400;\">ACTIVITE 1 : <a href=\"http:\/\/intercultural-learning.eu\/wp-content\/uploads\/2018\/09\/WEB-2-Mon-moi-Interculturel.pdf\" target=\"_blank\" rel=\"noopener\">QUI ETES-JE<\/a> (45 MINS)<\/span><\/h3>\n<ol>\n<li style=\"font-weight: 400;\"><span style=\"font-weight: 400;\">Demandez aux participants de former des pairs<\/span><\/li>\n<li style=\"font-weight: 400;\"><span style=\"font-weight: 400;\">Proc\u00e9dez selon les instructions par activit\u00e9 (20 minutes)<\/span><\/li>\n<li style=\"font-weight: 400;\"><span style=\"font-weight: 400;\">Dirigez le d\u00e9briefing (25 minutes)<\/span><\/li>\n<\/ol>\n<p>[\/vc_column_text][\/vc_column][\/vc_row][vc_row][vc_column][vc_column_text]<\/p>\n<h3><span style=\"font-weight: 400;\">ACTIVITE 2 \u2013 PRESENTATION : DEFINITIONS &amp; CONCEPTS DE LA CULTURE (30 MINS)<\/span><\/h3>\n<ol>\n<li style=\"font-weight: 400;\"><span style=\"font-weight: 400;\">Dans la suite du d\u00e9briefing de l&rsquo;activit\u00e9 pr\u00e9c\u00e9dente, demandez aux participants de r\u00e9fl\u00e9chir \u00e0 l&rsquo;impact de leur culture sur leur identit\u00e9 : quels aspects de leur identit\u00e9 est\u00a0une construction sociale ? Qu&rsquo;est-ce qui est acquis (parce qu&rsquo;ils le voulaient ou non), qu&rsquo;est-ce qui est inn\u00e9 ?<\/span><\/li>\n<li style=\"font-weight: 400;\"><span style=\"font-weight: 400;\">Utilisez la pr\u00e9sentation PowerPoint \u00ab\u00a0<a href=\"http:\/\/intercultural-learning.eu\/wp-content\/uploads\/2018\/09\/WEB-2-Mon-moi-Interculturel.pdf\" target=\"_blank\" rel=\"noopener\">Mon Moi Interculturel<\/a>\u00a0\u00bb pour introduire les notions de valeur, normes, croyances, tabous et expliquez les trois diff\u00e9rents mod\u00e8les de la culture.<\/span><\/li>\n<li style=\"font-weight: 400;\"><span style=\"font-weight: 400;\">Informez les participants qu\u2019ils peuvent trouver plus d&rsquo;informations, d&rsquo;\u00e9tudes et de recherches sur ces th\u00e8mes dans la <a href=\"https:\/\/intercultural-learning.eu\/fr\/?page_id=964\" target=\"_blank\" rel=\"noopener\">section de recherche<\/a> sur le site intercultural-learning.eu et les sites<a href=\"https:\/\/woca.afs.org\/education\/p\/icl-for-afs-and-friends\" target=\"_blank\" rel=\"noopener\"> internet associ\u00e9s<\/a>.<\/span><\/li>\n<\/ol>\n<p>[\/vc_column_text][\/vc_column][\/vc_row][vc_row][vc_column][vc_column_text]<\/p>\n<h3 style=\"text-align: left;\"><span style=\"font-weight: 400;\">PAUSE CAFE (15 MIN)<\/span><\/h3>\n<p>[\/vc_column_text][\/vc_column][\/vc_row][vc_row][vc_column][vc_column_text]<\/p>\n<h3><span style=\"font-weight: 400;\">ACTIVITE 3 \u2013 INCIDENT CRITIQUE (45 MIN<\/span><\/h3>\n<ol>\n<li style=\"font-weight: 400;\"><span style=\"font-weight: 400;\">Rappelez aux participants qu\u2019il leur a \u00e9t\u00e9 demand\u00e9 de r\u00e9fl\u00e9chir \u00e0 une rencontre interculturelle ou un incident critique avant de venir \u00e0 la formation. Durant cette session, ils devront partager cette exp\u00e9rience et r\u00e9fl\u00e9chir davantage dessus.<\/span><\/li>\n<li style=\"font-weight: 400;\"><span style=\"font-weight: 400;\">Demandez aux participants de penser \u00e0 un incident critique. Pour \u00eatre critique, un incident doit r\u00e9sulter d&rsquo;un conflit, en une sorte d&rsquo;apprentissage, et son origine r\u00e9side d&rsquo;un malentendu interculturel.<\/span><\/li>\n<li style=\"font-weight: 400;\"><span style=\"font-weight: 400;\">Lors de la r\u00e9flexion, ils doivent avoir en t\u00eate les r\u00e9ponses \u00e0 ces questions:<\/span>\n<ul>\n<li style=\"list-style-type: none;\">\n<ul>\n<li style=\"font-weight: 400;\"><span style=\"font-weight: 400;\">O\u00f9 et quand l&rsquo;incident est-il survenu?<\/span><\/li>\n<li style=\"font-weight: 400;\"><span style=\"font-weight: 400;\">Qui \u00e9tait impliqu\u00e9 ? Comment cela a-t-il commenc\u00e9 ?<\/span><\/li>\n<li style=\"font-weight: 400;\"><span style=\"font-weight: 400;\">Qui a fait quoi ? Qui a dit quoi ? Quel est le probl\u00e8me ?<\/span><\/li>\n<li style=\"font-weight: 400;\"><span style=\"font-weight: 400;\">Comment l&rsquo;histoire se finit ? Quelle est la suite de tout cela ?<\/span><\/li>\n<\/ul>\n<\/li>\n<\/ul>\n<\/li>\n<li style=\"font-weight: 400;\"><span style=\"font-weight: 400;\"> Demandez aux participants de se r\u00e9unir en paires et de partager leur histoire : ils doivent d\u00e9crire les faits de la mani\u00e8re la plus juste et neutre possible sans donner d&rsquo;explication aux comportements d\u00e9crits.<\/span><\/li>\n<li style=\"font-weight: 400;\"><span style=\"font-weight: 400;\">De retour en groupe complet, demandez \u00e0 quelques participants de partager quelque chose qui a retenu leur attention dans l&rsquo;histoire de leur partenaire.<\/span><\/li>\n<li style=\"font-weight: 400;\"><span style=\"font-weight: 400;\">A partir de leurs histoires personnelles, sugg\u00e9rez un brainstorming sur l&rsquo;efficacit\u00e9 de nos interactions dans un cadre interculturel : qu&rsquo;est-ce qui a march\u00e9, qu&rsquo;est-ce qui n&rsquo;a <\/span><b>pas<\/b><span style=\"font-weight: 400;\"> march\u00e9 et les raisons possibles d&rsquo;un malentendu ou de la mont\u00e9e d&rsquo;un conflit.<\/span><\/li>\n<\/ol>\n<p>[\/vc_column_text][\/vc_column][\/vc_row][vc_row][vc_column][vc_column_text]<\/p>\n<h3><span style=\"font-weight: 400;\">ACTIVITE 4 \u2013 INTRODUCTION A LA COMPETENCE INTERCULTURELLE (30 MINS)<\/span><\/h3>\n<ol>\n<li style=\"font-weight: 400;\"><span style=\"font-weight: 400;\">Demandez aux participants de proposer une d\u00e9finition commune de la comp\u00e9tence interculturelle.<\/span><\/li>\n<li style=\"font-weight: 400;\"><span style=\"font-weight: 400;\">Ecrivez les mots cl\u00e9s sur un paper-board<\/span><\/li>\n<li style=\"font-weight: 400;\"><span style=\"font-weight: 400;\">Utilisez la pr\u00e9sentation PowerPoint \u00ab\u00a0Mon moi interculturel\u00a0\u00bb pour pr\u00e9senter les d\u00e9finitions de la comp\u00e9tence interculturelle<\/span>s<\/li>\n<li style=\"font-weight: 400;\"><span style=\"font-weight: 400;\">Demandez aux participants \u00ab\u00a0Pourquoi pensez-vous qu&rsquo;il est important de comprendre ces concepts et de r\u00e9fl\u00e9chir sur sa propre identit\u00e9 culturelle dans son r\u00f4le d&rsquo;enseignant ?\u00a0\u00bb<\/span><\/li>\n<li style=\"font-weight: 400;\"><span style=\"font-weight: 400;\">Encouragez les participants \u00e0 bri\u00e8vement partager leurs id\u00e9es.<\/span><\/li>\n<li style=\"font-weight: 400;\"><span style=\"font-weight: 400;\"> Terminer la session en rappelant ce qu&rsquo;est le processus d&rsquo;apprentissage interculturel.<\/span><\/li>\n<\/ol>\n<p>[\/vc_column_text][\/vc_column][\/vc_row][vc_row][vc_column][vc_column_text]<\/p>\n<h3><span style=\"font-weight: 400;\">ACTIVITE 5 \u2013 <a href=\"https:\/\/intercultural-learning.eu\/fr\/introduction-a-la-boite-a-outils\/\" target=\"_blank\" rel=\"noopener\">EVALUATION VISUELLE<\/a> (15 MINS)<\/span><\/h3>\n<p><span style=\"font-weight: 400;\">(activit\u00e9 sugg\u00e9r\u00e9e \u2013 L&rsquo;\u00e9valuation des cinq doigts)<\/span><\/p>\n<ul>\n<li style=\"font-weight: 400;\"><span style=\"font-weight: 400;\">A la fin de chaque session, choisissez une m\u00e9thode d&rsquo;\u00e9valuation visuelle. Cela permettra un retour imm\u00e9diat sur les appr\u00e9ciations de la session.<\/span><\/li>\n<li style=\"font-weight: 400;\"><span style=\"font-weight: 400;\">Les m\u00e9thodes d&rsquo;\u00e9valuation visuelle sont un bon exemple de ce que les enseignants peuvent utiliser dans leur salle de classe apr\u00e8s une activit\u00e9 d&rsquo;apprentissage interculturel : elles sont en effet utiles pour collecter les impressions et retours des \u00e9tudiants.<\/span><\/li>\n<li style=\"font-weight: 400;\"><span style=\"font-weight: 400;\">Utilisez cette opportunit\u00e9 pour \u00e9ventuellement revoir et clarifier certains aspects, contenus ou activit\u00e9s de la formation confus ou qui manquent de clart\u00e9.<\/span><\/li>\n<\/ul>\n<p>[\/vc_column_text][\/vc_column][\/vc_row]<\/p>\n","protected":false},"excerpt":{"rendered":"<p>[vc_row][vc_column][vc_column_text] MON MOI INTERCULTUREL [\/vc_column_text][\/vc_column][\/vc_row][vc_row][vc_column][vc_column_text] Temps requis : 180 minutes [\/vc_column_text][\/vc_column][\/vc_row][vc_row][vc_column width=\u00a0\u00bb1\/3&Prime;][vc_column_text] Objectifs d&rsquo;apprentissage A la fin de la session, les participants seront capables de: \u00a0\u00a0\u00a0\u00a0\u00a0Se d\u00e9finir selon leur identit\u00e9 culturelle \u00a0\u00a0\u00a0\u00a0\u00a0Exprimer clairement une d\u00e9finition de la culture \u00a0 \u00a0 \u00a0D\u00e9crire comment les trois mod\u00e8les de la culture repr\u00e9sentent le concept de [\/vc_column_text][\/vc_column][vc_column width=\u00a0\u00bb1\/3&Prime;][vc_column_text] Objectifs [&hellip;]<\/p>\n","protected":false},"author":1,"featured_media":0,"parent":3294,"menu_order":0,"comment_status":"closed","ping_status":"closed","template":"","meta":{"_themeisle_gutenberg_block_has_review":false,"footnotes":""},"class_list":["post-3333","page","type-page","status-publish","hentry"],"_links":{"self":[{"href":"https:\/\/intercultural-learning.eu\/fr\/wp-json\/wp\/v2\/pages\/3333\/"}],"collection":[{"href":"https:\/\/intercultural-learning.eu\/fr\/wp-json\/wp\/v2\/pages\/"}],"about":[{"href":"https:\/\/intercultural-learning.eu\/fr\/wp-json\/wp\/v2\/types\/page\/"}],"author":[{"embeddable":true,"href":"https:\/\/intercultural-learning.eu\/fr\/wp-json\/wp\/v2\/users\/1\/"}],"replies":[{"embeddable":true,"href":"https:\/\/intercultural-learning.eu\/fr\/wp-json\/wp\/v2\/comments\/?post=3333"}],"version-history":[{"count":7,"href":"https:\/\/intercultural-learning.eu\/fr\/wp-json\/wp\/v2\/pages\/3333\/revisions\/"}],"predecessor-version":[{"id":3470,"href":"https:\/\/intercultural-learning.eu\/fr\/wp-json\/wp\/v2\/pages\/3333\/revisions\/3470\/"}],"up":[{"embeddable":true,"href":"https:\/\/intercultural-learning.eu\/fr\/wp-json\/wp\/v2\/pages\/3294\/"}],"wp:attachment":[{"href":"https:\/\/intercultural-learning.eu\/fr\/wp-json\/wp\/v2\/media\/?parent=3333"}],"curies":[{"name":"wp","href":"https:\/\/api.w.org\/{rel}","templated":true}]}}

<p>[vc_row][vc_column][vc_column_text]</p>
<h1>MON MOI INTERCULTUREL</h1>
<p>[/vc_column_text][/vc_column][/vc_row][vc_row][vc_column][vc_column_text]</p>
<h4><b>Temps requis : </b><span style="font-weight: 400;">180 minutes</span></h4>
<p>[/vc_column_text][/vc_column][/vc_row][vc_row][vc_column width= »1/3&Prime;][vc_column_text]</p>
<h3><b>Objectifs d&rsquo;apprentissage</b></h3>
<p><span style="font-weight: 400;">A la fin de la session, les participants seront capables de:</span></p>
<ol>
<li><span style="font-weight: 400;">      Se définir selon leur identité culturelle</span></li>
<li><span style="font-weight: 400;">      Exprimer clairement une définition de la culture</span></li>
<li><span style="font-weight: 400;">     Décrire comment les trois modèles de la culture représentent le concept de </span></li>
</ol>
<p>[/vc_column_text][/vc_column][vc_column width= »1/3&Prime;][vc_column_text]</p>
<h3><b>Objectifs de la session</b></h3>
<ul>
<li><span style="font-weight: 400;"> Encourager la curiosité des participants sur les différences entre cultures et la conscience de soi en terme de leur propre identité culturelle.</span></li>
<li><span style="font-weight: 400;"> Présenter une définition de la culture</span></li>
<li><span style="font-weight: 400;"> Présenter trois modèles de culture</span></li>
</ul>
<p>[/vc_column_text][/vc_column][vc_column width= »1/3&Prime;][vc_column_text]</p>
<h3>Aménagement de l&rsquo;espace</h3>
<ul>
<li><b> </b><span style="font-weight: 400;">Des chaises en demi-cercle</span></li>
<li><span style="font-weight: 400;"> Un espace où peuvent se déplacer librement les participants</span></li>
</ul>
<p>[/vc_column_text][/vc_column][/vc_row][vc_row][vc_column width= »1/2&Prime;][vc_column_text]</p>
<h3><b>Matériel nécessaire</b></h3>
<ul>
<li style="font-weight: 400;"><span style="font-weight: 400;">Un ordinateur avec une connexion Internet</span></li>
<li style="font-weight: 400;"><span style="font-weight: 400;">Un paper-board (avec assez de feuille</span></li>
<li style="font-weight: 400;"><span style="font-weight: 400;">Des marqueurs de couleur</span></li>
<li style="font-weight: 400;"><span style="font-weight: 400;">Des feuilles de papiers A4 &amp; des stylos</span></li>
</ul>
<p><span style="font-weight: 400;">La présentation PowerPoint « <a href="http://intercultural-learning.eu/wp-content/uploads/2018/09/WEB-2-Mon-moi-Interculturel.pdf" target="_blank" rel="noopener">Mon moi interculturel</a>« </span>[/vc_column_text][/vc_column][vc_column width= »1/2&Prime;][vc_column_text]</p>
<h3><b>Préparation</b></h3>
<p><span style="font-weight: 400;">Avant d&rsquo;arriver, les participants seront amenés à réfléchir à un incident critique. Lors de la session, ils le partageront et réfléchiront davantage dessus.</span>[/vc_column_text][/vc_column][/vc_row][vc_row][vc_column][vc_column_text]</p>
<h2><b>Description de la session pas à pas</b></h2>
<p>[/vc_column_text][/vc_column][/vc_row][vc_row][vc_column][vc_column_text]</p>
<h3><span style="font-weight: 400;">ACTIVITE 1 : <a href="http://intercultural-learning.eu/wp-content/uploads/2018/09/WEB-2-Mon-moi-Interculturel.pdf" target="_blank" rel="noopener">QUI ETES-JE</a> (45 MINS)</span></h3>
<ol>
<li style="font-weight: 400;"><span style="font-weight: 400;">Demandez aux participants de former des pairs</span></li>
<li style="font-weight: 400;"><span style="font-weight: 400;">Procédez selon les instructions par activité (20 minutes)</span></li>
<li style="font-weight: 400;"><span style="font-weight: 400;">Dirigez le débriefing (25 minutes)</span></li>
</ol>
<p>[/vc_column_text][/vc_column][/vc_row][vc_row][vc_column][vc_column_text]</p>
<h3><span style="font-weight: 400;">ACTIVITE 2 – PRESENTATION : DEFINITIONS &amp; CONCEPTS DE LA CULTURE (30 MINS)</span></h3>
<ol>
<li style="font-weight: 400;"><span style="font-weight: 400;">Dans la suite du débriefing de l&rsquo;activité précédente, demandez aux participants de réfléchir à l&rsquo;impact de leur culture sur leur identité : quels aspects de leur identité est une construction sociale ? Qu&rsquo;est-ce qui est acquis (parce qu&rsquo;ils le voulaient ou non), qu&rsquo;est-ce qui est inné ?</span></li>
<li style="font-weight: 400;"><span style="font-weight: 400;">Utilisez la présentation PowerPoint « <a href="http://intercultural-learning.eu/wp-content/uploads/2018/09/WEB-2-Mon-moi-Interculturel.pdf" target="_blank" rel="noopener">Mon Moi Interculturel</a> » pour introduire les notions de valeur, normes, croyances, tabous et expliquez les trois différents modèles de la culture.</span></li>
<li style="font-weight: 400;"><span style="font-weight: 400;">Informez les participants qu’ils peuvent trouver plus d&rsquo;informations, d&rsquo;études et de recherches sur ces thèmes dans la <a href="https://intercultural-learning.eu/fr/?page_id=964" target="_blank" rel="noopener">section de recherche</a> sur le site intercultural-learning.eu et les sites<a href="https://woca.afs.org/education/p/icl-for-afs-and-friends" target="_blank" rel="noopener"> internet associés</a>.</span></li>
</ol>
<p>[/vc_column_text][/vc_column][/vc_row][vc_row][vc_column][vc_column_text]</p>
<h3 style="text-align: left;"><span style="font-weight: 400;">PAUSE CAFE (15 MIN)</span></h3>
<p>[/vc_column_text][/vc_column][/vc_row][vc_row][vc_column][vc_column_text]</p>
<h3><span style="font-weight: 400;">ACTIVITE 3 – INCIDENT CRITIQUE (45 MIN</span></h3>
<ol>
<li style="font-weight: 400;"><span style="font-weight: 400;">Rappelez aux participants qu’il leur a été demandé de réfléchir à une rencontre interculturelle ou un incident critique avant de venir à la formation. Durant cette session, ils devront partager cette expérience et réfléchir davantage dessus.</span></li>
<li style="font-weight: 400;"><span style="font-weight: 400;">Demandez aux participants de penser à un incident critique. Pour être critique, un incident doit résulter d&rsquo;un conflit, en une sorte d&rsquo;apprentissage, et son origine réside d&rsquo;un malentendu interculturel.</span></li>
<li style="font-weight: 400;"><span style="font-weight: 400;">Lors de la réflexion, ils doivent avoir en tête les réponses à ces questions:</span>
<ul>
<li style="list-style-type: none;">
<ul>
<li style="font-weight: 400;"><span style="font-weight: 400;">Où et quand l&rsquo;incident est-il survenu?</span></li>
<li style="font-weight: 400;"><span style="font-weight: 400;">Qui était impliqué ? Comment cela a-t-il commencé ?</span></li>
<li style="font-weight: 400;"><span style="font-weight: 400;">Qui a fait quoi ? Qui a dit quoi ? Quel est le problème ?</span></li>
<li style="font-weight: 400;"><span style="font-weight: 400;">Comment l&rsquo;histoire se finit ? Quelle est la suite de tout cela ?</span></li>
</ul>
</li>
</ul>
</li>
<li style="font-weight: 400;"><span style="font-weight: 400;"> Demandez aux participants de se réunir en paires et de partager leur histoire : ils doivent décrire les faits de la manière la plus juste et neutre possible sans donner d&rsquo;explication aux comportements décrits.</span></li>
<li style="font-weight: 400;"><span style="font-weight: 400;">De retour en groupe complet, demandez à quelques participants de partager quelque chose qui a retenu leur attention dans l&rsquo;histoire de leur partenaire.</span></li>
<li style="font-weight: 400;"><span style="font-weight: 400;">A partir de leurs histoires personnelles, suggérez un brainstorming sur l&rsquo;efficacité de nos interactions dans un cadre interculturel : qu&rsquo;est-ce qui a marché, qu&rsquo;est-ce qui n&rsquo;a </span><b>pas</b><span style="font-weight: 400;"> marché et les raisons possibles d&rsquo;un malentendu ou de la montée d&rsquo;un conflit.</span></li>
</ol>
<p>[/vc_column_text][/vc_column][/vc_row][vc_row][vc_column][vc_column_text]</p>
<h3><span style="font-weight: 400;">ACTIVITE 4 – INTRODUCTION A LA COMPETENCE INTERCULTURELLE (30 MINS)</span></h3>
<ol>
<li style="font-weight: 400;"><span style="font-weight: 400;">Demandez aux participants de proposer une définition commune de la compétence interculturelle.</span></li>
<li style="font-weight: 400;"><span style="font-weight: 400;">Ecrivez les mots clés sur un paper-board</span></li>
<li style="font-weight: 400;"><span style="font-weight: 400;">Utilisez la présentation PowerPoint « Mon moi interculturel » pour présenter les définitions de la compétence interculturelle</span>s</li>
<li style="font-weight: 400;"><span style="font-weight: 400;">Demandez aux participants « Pourquoi pensez-vous qu&rsquo;il est important de comprendre ces concepts et de réfléchir sur sa propre identité culturelle dans son rôle d&rsquo;enseignant ? »</span></li>
<li style="font-weight: 400;"><span style="font-weight: 400;">Encouragez les participants à brièvement partager leurs idées.</span></li>
<li style="font-weight: 400;"><span style="font-weight: 400;"> Terminer la session en rappelant ce qu&rsquo;est le processus d&rsquo;apprentissage interculturel.</span></li>
</ol>
<p>[/vc_column_text][/vc_column][/vc_row][vc_row][vc_column][vc_column_text]</p>
<h3><span style="font-weight: 400;">ACTIVITE 5 – <a href="https://intercultural-learning.eu/fr/introduction-a-la-boite-a-outils/" target="_blank" rel="noopener">EVALUATION VISUELLE</a> (15 MINS)</span></h3>
<p><span style="font-weight: 400;">(activité suggérée – L&rsquo;évaluation des cinq doigts)</span></p>
<ul>
<li style="font-weight: 400;"><span style="font-weight: 400;">A la fin de chaque session, choisissez une méthode d&rsquo;évaluation visuelle. Cela permettra un retour immédiat sur les appréciations de la session.</span></li>
<li style="font-weight: 400;"><span style="font-weight: 400;">Les méthodes d&rsquo;évaluation visuelle sont un bon exemple de ce que les enseignants peuvent utiliser dans leur salle de classe après une activité d&rsquo;apprentissage interculturel : elles sont en effet utiles pour collecter les impressions et retours des étudiants.</span></li>
<li style="font-weight: 400;"><span style="font-weight: 400;">Utilisez cette opportunité pour éventuellement revoir et clarifier certains aspects, contenus ou activités de la formation confus ou qui manquent de clarté.</span></li>
</ul>
<p>[/vc_column_text][/vc_column][/vc_row]</p>

<p>[vc_row][vc_column][vc_column_text] MON MOI INTERCULTUREL [/vc_column_text][/vc_column][/vc_row][vc_row][vc_column][vc_column_text] Temps requis : 180 minutes [/vc_column_text][/vc_column][/vc_row][vc_row][vc_column width= »1/3&Prime;][vc_column_text] Objectifs d&rsquo;apprentissage A la fin de la session, les participants seront capables de:      Se définir selon leur identité culturelle      Exprimer clairement une définition de la culture      Décrire comment les trois modèles de la culture représentent le concept de [/vc_column_text][/vc_column][vc_column width= »1/3&Prime;][vc_column_text] Objectifs [&hellip;]</p>
