{"id":1156,"date":"2017-10-12T14:48:23","date_gmt":"2017-10-12T12:48:23","guid":{"rendered":"http:\/\/intercultural-learning.eu\/quest-ce-que-la-competence-interculturelle\/"},"modified":"2017-10-13T11:00:42","modified_gmt":"2017-10-13T09:00:42","slug":"quest-ce-que-la-competence-interculturelle","status":"publish","type":"page","link":"https:\/\/intercultural-learning.eu\/fr\/quest-ce-que-la-competence-interculturelle\/","title":{"rendered":"Qu&rsquo;est-ce que la comp\u00e9tence interculturelle ?"},"content":{"rendered":"<p>[vc_row][vc_column][vc_column_text]<\/p>\n<h1><strong>Qu&rsquo;est-ce que la comp\u00e9tence interculturelle ?<\/strong><\/h1>\n<p><strong>La comp\u00e9tence interculturelle<\/strong><span style=\"font-weight: 400;\"> comprend la reconnaissance et l&rsquo;appr\u00e9ciation des multiplicit\u00e9s pr\u00e9sentes chez soi-m\u00eame et chez autrui, ainsi que de la mani\u00e8re dont elles peuvent entrer en jeu dans diff\u00e9rentes situation. Elle ne se r\u00e9sume pas \u00e0 des solutions prescriptives pour des &lsquo;cultures sp\u00e9cifiques&rsquo;, mais se focalise plut\u00f4t sur la pr\u00e9paration \u00e0 l&rsquo;inattendu, sur une perception attentive et sur la gestion de l&rsquo;incertitude. Elle implique une disponibilit\u00e9 \u00e0 g\u00e9rer la diff\u00e9rence de fa\u00e7on <\/span><span style=\"font-weight: 400;\">ethno-relative<\/span><span style=\"font-weight: 400;\"> (aborder les valeurs et comportements d&rsquo;autrui avec une perspective plus \u00e9largie, sans voir comme normaux ou sup\u00e9rieurs ses propres valeurs et comportements). Elle doit toutefois \u00e9galement \u00e9viter le m\u00e9canisme de l&rsquo;alt\u00e9risation, ou<\/span><span style=\"font-weight: 400;\"> \u00ab <\/span><span style=\"font-weight: 400;\">l\u2019othering <\/span><span style=\"font-weight: 400;\">\u00bb <\/span><span style=\"font-weight: 400;\">\u2013 le fait de consid\u00e9rer le monde sous l&rsquo;angle du <\/span><span style=\"font-weight: 400;\">\u00a0\u00ab <\/span><span style=\"font-weight: 400;\">nous contre eux<\/span><span style=\"font-weight: 400;\"> \u00bb<\/span><span style=\"font-weight: 400;\">, <\/span><span style=\"font-weight: 400;\">\u00ab <\/span><span style=\"font-weight: 400;\">eux <\/span><span style=\"font-weight: 400;\">\u00bb<\/span><span style=\"font-weight: 400;\"> d\u00e9signant ceux qui sont diff\u00e9rents de moi ou de nous. L&rsquo;identification et la d\u00e9signation de l&rsquo;<\/span><span style=\"font-weight: 400;\">\u00ab <\/span><span style=\"font-weight: 400;\">Autre<\/span><span style=\"font-weight: 400;\"> \u00bb<\/span><span style=\"font-weight: 400;\"> tendent \u00e0 lui attribuer une identit\u00e9 fixe, attribution qu&rsquo;il est par la suite difficile ou impossible de contester (pour cette raison, la comp\u00e9tence interculturelle englobe \u00e9galement les questions de pouvoir et de voix d\u00e9tenus par les interlocuteurs). <\/span><\/p>\n<p><span style=\"font-weight: 400;\">La comp\u00e9tence interculturelle est \u00e9troitement li\u00e9e \u00e0 l&#8217;empathie, \u00e0 l&rsquo;\u00e9coute et \u00e0 l&rsquo;observation, \u00e0 la flexibilit\u00e9, aux aptitudes \u00e0 la r\u00e9solution de conflits et \u00e0 la tol\u00e9rance de l&rsquo;ambigu\u00eft\u00e9. Elle va \u00e9galement de pair avec le civisme et la valorisation de la d\u00e9mocratie et des droits de l&rsquo;homme.<\/span><\/p>\n<p>&nbsp;<\/p>\n<p><strong>La culture<\/strong><\/p>\n<p><span style=\"font-weight: 400;\">L&rsquo;approche non-essentialiste de la culture (<\/span><i><span style=\"font-weight: 400;\">cf. Adrian Holliday, 2011<\/span><\/i><span style=\"font-weight: 400;\">) souligne la complexit\u00e9 et la multiplicit\u00e9 des identit\u00e9s individuelles, bien au-del\u00e0 des contextes g\u00e9ographiques ou familiaux de chacun. Chaque individu appartient en effet \u00e0 diff\u00e9rents groupes ou cultures pouvant \u00eatre d\u00e9finis en fonction de la nationalit\u00e9, de l&rsquo;ethnicit\u00e9, de la langue, de l&rsquo;\u00e2ge, de la classe sociale, du genre, de la religion, de l&rsquo;orientation politique ou sexuelle, etc. Non seulement son sens d&rsquo;appartenance est multiple, mais il \u00e9volue &#8211; gagnant ou perdant en intensit\u00e9 en fonction du contexte et du but des interactions de l\u2019individu, ainsi qu&rsquo;en fonction de ses interlocuteurs. L&rsquo;identit\u00e9 culturelle peut \u00eatre inconsistante, n\u00e9goci\u00e9e et co-construite dans diff\u00e9rentes situations, et peut d\u00e9pendre des rapports de force et de voix pr\u00e9sents dans une relation donn\u00e9e.<\/span><\/p>\n<p><strong>Situations interculturelles <\/strong><span style=\"font-weight: 400;\">(<\/span><i><span style=\"font-weight: 400;\">cf. Comp\u00e9tences pour une culture de la d\u00e9mocratie, CoE)<\/span><\/i><\/p>\n<p><span style=\"font-weight: 400;\">Chaque situation interpersonnelle est potentiellement interculturelle. Souvent, lorsque nous rencontrons d&rsquo;autres personnes, nous les abordons comme s\u2019agissant d&rsquo;individus qui poss\u00e8dent une gamme d&rsquo;attributs les distinguant d&rsquo;autres individus. Il se peut toutefois que nous les abordions plut\u00f4t en fonction de leurs appartenances culturelles. Dans ce cas, nous les regroupons avec d&rsquo;autres personnes qui partagent ces appartenances culturelles. Plusieurs facteurs nous am\u00e8nent \u00e0 faire glisser notre cadre de r\u00e9f\u00e9rence de l&rsquo;individuel et de l&rsquo;interpersonnel vers l&rsquo;interculturel. Parmi eux figurent notamment : <\/span><\/p>\n<p><span style=\"font-weight: 400;\">&#8211;<\/span><span style=\"font-weight: 400;\"> \u00a0\u00a0\u00a0\u00a0\u00a0<\/span><span style=\"font-weight: 400;\">la pr\u00e9sence d&#8217;embl\u00e8mes ou de pratiques culturelles marquants qui invoquent une cat\u00e9gorie culturelle dans l&rsquo;esprit de celui ou celle qui les per\u00e7oit,<\/span><\/p>\n<p><span style=\"font-weight: 400;\">&#8211;<\/span><span style=\"font-weight: 400;\"> \u00a0\u00a0\u00a0\u00a0\u00a0\u00a0<\/span><span style=\"font-weight: 400;\">l&#8217;emploi fr\u00e9quent de cat\u00e9gories culturelles pour penser l\u2019Autre, de sorte que ces cat\u00e9gories deviennent facilement accessibles lorsque l&rsquo;on interagit avec autrui,<\/span><\/p>\n<p><span style=\"font-weight: 400;\">&#8211;<\/span><span style=\"font-weight: 400;\"> \u00a0\u00a0\u00a0\u00a0\u00a0<\/span><span style=\"font-weight: 400;\">l&rsquo;utilisation d&rsquo;une cat\u00e9gorie culturelle pour aider \u00e0 comprendre le comportement d&rsquo;une autre personne, etc.<\/span><\/p>\n<p><span style=\"font-weight: 400;\">Ainsi, les situations interculturelles se produisent lorsqu&rsquo;un individu per\u00e7oit une autre personne (ou un groupe de personnes) comme \u00e9tant culturellement diff\u00e9rent de lui-m\u00eame ou d&rsquo;elle-m\u00eame. Chaque \u00eatre humain est r\u00e9guli\u00e8rement expos\u00e9 \u00e0 des situations interculturelles, avec ou sans interaction directe avec autrui.<\/span><\/p>\n<p>&nbsp;<\/p>\n<p><strong>L&rsquo;acquisition de comp\u00e9tences interculturelles<\/strong> <span style=\"font-weight: 400;\">(l&rsquo;apprentissage interculturel) est un processus d&rsquo;apprentissage permanent, dont le cadre optimal de r\u00e9ussite est un apprentissage exp\u00e9rientiel conscient, planifi\u00e9 et facilit\u00e9 (<\/span><i><span style=\"font-weight: 400;\">Cycle d&rsquo;apprentissage exp\u00e9rientiel de Kolb<\/span><\/i><span style=\"font-weight: 400;\">). Il est important de noter que l&rsquo;exposition et l&rsquo;interaction avec des personnes ayant des appartenances culturelles diff\u00e9rentes n&rsquo;implique pas ni ne garantit un apprentissage (<\/span><i><span style=\"font-weight: 400;\">Y.Amir, Contact Hypothesis in Ethnic Relations<\/span><\/i><span style=\"font-weight: 400;\">). Il est \u00e0 noter \u00e9galement que le secteur de l&rsquo;\u00e9ducation non-formelle poss\u00e8de l&rsquo;exp\u00e9rience la plus solide lorsqu&rsquo;il s&rsquo;agit de faciliter ces processus \u00e9ducatifs.<\/span><\/p>\n<p><span style=\"font-weight: 400;\"><strong>L&rsquo;\u00e9valuation de la comp\u00e9tence interculturelle<\/strong>, de m\u00eame que celle d&rsquo;autres comp\u00e9tences en termes d&rsquo;attitudes et d&rsquo;aptitudes, est une t\u00e2che complexe qui ne saurait \u00eatre accomplie \u00e0 travers les proc\u00e9dures classiques d&rsquo;\u00e9valuation quantitative. L&rsquo;apprentissage interculturel \u00e9tant un processus d&rsquo;apprentissage permanent, la comp\u00e9tence interculturelle ne peut jamais \u00eatre pleinement acquise. Son \u00e9valuation doit \u00eatre qualitative et<\/span> <span style=\"font-weight: 400;\">formative, volontaire, participative, personnalis\u00e9e et centr\u00e9e sur l&rsquo;apprenant.<\/span>[\/vc_column_text][\/vc_column][\/vc_row]<\/p>\n","protected":false},"excerpt":{"rendered":"<p>[vc_row][vc_column][vc_column_text] Qu&rsquo;est-ce que la comp\u00e9tence interculturelle ? La comp\u00e9tence interculturelle comprend la reconnaissance et l&rsquo;appr\u00e9ciation des multiplicit\u00e9s pr\u00e9sentes chez soi-m\u00eame et chez autrui, ainsi que de la mani\u00e8re dont elles peuvent entrer en jeu dans diff\u00e9rentes situation. Elle ne se r\u00e9sume pas \u00e0 des solutions prescriptives pour des &lsquo;cultures sp\u00e9cifiques&rsquo;, mais se focalise plut\u00f4t sur [&hellip;]<\/p>\n","protected":false},"author":2,"featured_media":0,"parent":0,"menu_order":0,"comment_status":"closed","ping_status":"closed","template":"","meta":{"_themeisle_gutenberg_block_has_review":false,"footnotes":""},"class_list":["post-1156","page","type-page","status-publish","hentry"],"_links":{"self":[{"href":"https:\/\/intercultural-learning.eu\/fr\/wp-json\/wp\/v2\/pages\/1156\/"}],"collection":[{"href":"https:\/\/intercultural-learning.eu\/fr\/wp-json\/wp\/v2\/pages\/"}],"about":[{"href":"https:\/\/intercultural-learning.eu\/fr\/wp-json\/wp\/v2\/types\/page\/"}],"author":[{"embeddable":true,"href":"https:\/\/intercultural-learning.eu\/fr\/wp-json\/wp\/v2\/users\/2\/"}],"replies":[{"embeddable":true,"href":"https:\/\/intercultural-learning.eu\/fr\/wp-json\/wp\/v2\/comments\/?post=1156"}],"version-history":[{"count":3,"href":"https:\/\/intercultural-learning.eu\/fr\/wp-json\/wp\/v2\/pages\/1156\/revisions\/"}],"predecessor-version":[{"id":1166,"href":"https:\/\/intercultural-learning.eu\/fr\/wp-json\/wp\/v2\/pages\/1156\/revisions\/1166\/"}],"wp:attachment":[{"href":"https:\/\/intercultural-learning.eu\/fr\/wp-json\/wp\/v2\/media\/?parent=1156"}],"curies":[{"name":"wp","href":"https:\/\/api.w.org\/{rel}","templated":true}]}}

Qu&rsquo;est-ce que la compétence interculturelle ?

<p>[vc_row][vc_column][vc_column_text]</p>
<h1><strong>Qu&rsquo;est-ce que la compétence interculturelle ?</strong></h1>
<p><strong>La compétence interculturelle</strong><span style="font-weight: 400;"> comprend la reconnaissance et l&rsquo;appréciation des multiplicités présentes chez soi-même et chez autrui, ainsi que de la manière dont elles peuvent entrer en jeu dans différentes situation. Elle ne se résume pas à des solutions prescriptives pour des &lsquo;cultures spécifiques&rsquo;, mais se focalise plutôt sur la préparation à l&rsquo;inattendu, sur une perception attentive et sur la gestion de l&rsquo;incertitude. Elle implique une disponibilité à gérer la différence de façon </span><span style="font-weight: 400;">ethno-relative</span><span style="font-weight: 400;"> (aborder les valeurs et comportements d&rsquo;autrui avec une perspective plus élargie, sans voir comme normaux ou supérieurs ses propres valeurs et comportements). Elle doit toutefois également éviter le mécanisme de l&rsquo;altérisation, ou</span><span style="font-weight: 400;"> « </span><span style="font-weight: 400;">l’othering </span><span style="font-weight: 400;">» </span><span style="font-weight: 400;">– le fait de considérer le monde sous l&rsquo;angle du </span><span style="font-weight: 400;"> « </span><span style="font-weight: 400;">nous contre eux</span><span style="font-weight: 400;"> »</span><span style="font-weight: 400;">, </span><span style="font-weight: 400;">« </span><span style="font-weight: 400;">eux </span><span style="font-weight: 400;">»</span><span style="font-weight: 400;"> désignant ceux qui sont différents de moi ou de nous. L&rsquo;identification et la désignation de l&rsquo;</span><span style="font-weight: 400;">« </span><span style="font-weight: 400;">Autre</span><span style="font-weight: 400;"> »</span><span style="font-weight: 400;"> tendent à lui attribuer une identité fixe, attribution qu&rsquo;il est par la suite difficile ou impossible de contester (pour cette raison, la compétence interculturelle englobe également les questions de pouvoir et de voix détenus par les interlocuteurs). </span></p>
<p><span style="font-weight: 400;">La compétence interculturelle est étroitement liée à l&#8217;empathie, à l&rsquo;écoute et à l&rsquo;observation, à la flexibilité, aux aptitudes à la résolution de conflits et à la tolérance de l&rsquo;ambiguïté. Elle va également de pair avec le civisme et la valorisation de la démocratie et des droits de l&rsquo;homme.</span></p>
<p>&nbsp;</p>
<p><strong>La culture</strong></p>
<p><span style="font-weight: 400;">L&rsquo;approche non-essentialiste de la culture (</span><i><span style="font-weight: 400;">cf. Adrian Holliday, 2011</span></i><span style="font-weight: 400;">) souligne la complexité et la multiplicité des identités individuelles, bien au-delà des contextes géographiques ou familiaux de chacun. Chaque individu appartient en effet à différents groupes ou cultures pouvant être définis en fonction de la nationalité, de l&rsquo;ethnicité, de la langue, de l&rsquo;âge, de la classe sociale, du genre, de la religion, de l&rsquo;orientation politique ou sexuelle, etc. Non seulement son sens d&rsquo;appartenance est multiple, mais il évolue &#8211; gagnant ou perdant en intensité en fonction du contexte et du but des interactions de l’individu, ainsi qu&rsquo;en fonction de ses interlocuteurs. L&rsquo;identité culturelle peut être inconsistante, négociée et co-construite dans différentes situations, et peut dépendre des rapports de force et de voix présents dans une relation donnée.</span></p>
<p><strong>Situations interculturelles </strong><span style="font-weight: 400;">(</span><i><span style="font-weight: 400;">cf. Compétences pour une culture de la démocratie, CoE)</span></i></p>
<p><span style="font-weight: 400;">Chaque situation interpersonnelle est potentiellement interculturelle. Souvent, lorsque nous rencontrons d&rsquo;autres personnes, nous les abordons comme s’agissant d&rsquo;individus qui possèdent une gamme d&rsquo;attributs les distinguant d&rsquo;autres individus. Il se peut toutefois que nous les abordions plutôt en fonction de leurs appartenances culturelles. Dans ce cas, nous les regroupons avec d&rsquo;autres personnes qui partagent ces appartenances culturelles. Plusieurs facteurs nous amènent à faire glisser notre cadre de référence de l&rsquo;individuel et de l&rsquo;interpersonnel vers l&rsquo;interculturel. Parmi eux figurent notamment : </span></p>
<p><span style="font-weight: 400;">&#8211;</span><span style="font-weight: 400;">      </span><span style="font-weight: 400;">la présence d&#8217;emblèmes ou de pratiques culturelles marquants qui invoquent une catégorie culturelle dans l&rsquo;esprit de celui ou celle qui les perçoit,</span></p>
<p><span style="font-weight: 400;">&#8211;</span><span style="font-weight: 400;">       </span><span style="font-weight: 400;">l&#8217;emploi fréquent de catégories culturelles pour penser l’Autre, de sorte que ces catégories deviennent facilement accessibles lorsque l&rsquo;on interagit avec autrui,</span></p>
<p><span style="font-weight: 400;">&#8211;</span><span style="font-weight: 400;">      </span><span style="font-weight: 400;">l&rsquo;utilisation d&rsquo;une catégorie culturelle pour aider à comprendre le comportement d&rsquo;une autre personne, etc.</span></p>
<p><span style="font-weight: 400;">Ainsi, les situations interculturelles se produisent lorsqu&rsquo;un individu perçoit une autre personne (ou un groupe de personnes) comme étant culturellement différent de lui-même ou d&rsquo;elle-même. Chaque être humain est régulièrement exposé à des situations interculturelles, avec ou sans interaction directe avec autrui.</span></p>
<p>&nbsp;</p>
<p><strong>L&rsquo;acquisition de compétences interculturelles</strong> <span style="font-weight: 400;">(l&rsquo;apprentissage interculturel) est un processus d&rsquo;apprentissage permanent, dont le cadre optimal de réussite est un apprentissage expérientiel conscient, planifié et facilité (</span><i><span style="font-weight: 400;">Cycle d&rsquo;apprentissage expérientiel de Kolb</span></i><span style="font-weight: 400;">). Il est important de noter que l&rsquo;exposition et l&rsquo;interaction avec des personnes ayant des appartenances culturelles différentes n&rsquo;implique pas ni ne garantit un apprentissage (</span><i><span style="font-weight: 400;">Y.Amir, Contact Hypothesis in Ethnic Relations</span></i><span style="font-weight: 400;">). Il est à noter également que le secteur de l&rsquo;éducation non-formelle possède l&rsquo;expérience la plus solide lorsqu&rsquo;il s&rsquo;agit de faciliter ces processus éducatifs.</span></p>
<p><span style="font-weight: 400;"><strong>L&rsquo;évaluation de la compétence interculturelle</strong>, de même que celle d&rsquo;autres compétences en termes d&rsquo;attitudes et d&rsquo;aptitudes, est une tâche complexe qui ne saurait être accomplie à travers les procédures classiques d&rsquo;évaluation quantitative. L&rsquo;apprentissage interculturel étant un processus d&rsquo;apprentissage permanent, la compétence interculturelle ne peut jamais être pleinement acquise. Son évaluation doit être qualitative et</span> <span style="font-weight: 400;">formative, volontaire, participative, personnalisée et centrée sur l&rsquo;apprenant.</span>[/vc_column_text][/vc_column][/vc_row]</p>

<p>[vc_row][vc_column][vc_column_text] Qu&rsquo;est-ce que la compétence interculturelle ? La compétence interculturelle comprend la reconnaissance et l&rsquo;appréciation des multiplicités présentes chez soi-même et chez autrui, ainsi que de la manière dont elles peuvent entrer en jeu dans différentes situation. Elle ne se résume pas à des solutions prescriptives pour des &lsquo;cultures spécifiques&rsquo;, mais se focalise plutôt sur [&hellip;]</p>
