{"id":3400,"date":"2018-09-19T10:23:39","date_gmt":"2018-09-19T08:23:39","guid":{"rendered":"http:\/\/intercultural-learning.eu\/fortbidlung-fur-lehrerinnen-und-lehrer\/3-tages-plan\/hinweise-zur-evaluation-interkultureller-kompetenzen\/"},"modified":"2018-09-19T10:23:40","modified_gmt":"2018-09-19T08:23:40","slug":"hinweise-zur-evaluation-interkultureller-kompetenzen","status":"publish","type":"page","link":"https:\/\/intercultural-learning.eu\/de\/fortbidlung-fur-lehrerinnen-und-lehrer\/3-tages-plan\/hinweise-zur-evaluation-interkultureller-kompetenzen\/","title":{"rendered":"Hinweise zur Evaluation interkultureller Kompetenzen"},"content":{"rendered":"<p>[vc_row][vc_column][vc_column_text]<\/p>\n<h1>HINWEISE ZUR EVALUATION INTERKULTURELLER KOMPETENZEN<\/h1>\n<p>[\/vc_column_text][\/vc_column][\/vc_row][vc_row][vc_column][vc_column_text]<\/p>\n<h4>Zeitraum: <span style=\"font-weight: 400;\">90 Minuten<\/span><\/h4>\n<p>[\/vc_column_text][\/vc_column][\/vc_row][vc_row][vc_column width=&#8220;1\/3&#8243;][vc_column_text]<\/p>\n<h3><b>Lernziele:<\/b><\/h3>\n<p><span style=\"font-weight: 400;\">Am Ende dieser Einheit werden die Teilnehmenden:<\/span><\/p>\n<ol>\n<li style=\"font-weight: 400;\"><span style=\"font-weight: 400;\">sich bewu\u00dft dar\u00fcber sein, da\u00df die Evaluation interkultureller Kompetenzen ein komplexes Unterfangen ist und nur multi-perspektivisch gelingen kann,<\/span><\/li>\n<li style=\"font-weight: 400;\">den Begriff \u201einterkulturelle Kompetenz\u201c definieren und m\u00f6gliche Indikatoren zur \u00dcberpr\u00fcfung nennen k\u00f6nnen.<\/li>\n<\/ol>\n<p>[\/vc_column_text][\/vc_column][vc_column width=&#8220;1\/3&#8243;][vc_column_text]<\/p>\n<h3><b>Ziele der Fortbildungseinheit:<\/b><\/h3>\n<ul>\n<li style=\"font-weight: 400;\"><span style=\"font-weight: 400;\">Reflektion interkultureller Lernprozesse<\/span><\/li>\n<li style=\"font-weight: 400;\">Identifizierung m\u00f6glicher Instrumente zur \u00dcberpr\u00fcfung interkultureller Kompetenzen<\/li>\n<\/ul>\n<p>[\/vc_column_text][\/vc_column][vc_column width=&#8220;1\/3&#8243;][vc_column_text]<\/p>\n<h3>R\u00e4umliche Anforderungen:<\/h3>\n<ul>\n<li style=\"font-weight: 400;\"><span style=\"font-weight: 400;\">Halbkreis-f\u00f6rmige Sitzordnung.<\/span><\/li>\n<li style=\"font-weight: 400;\"><span style=\"font-weight: 400;\">Ein Raum, in dem die Teilnehmer sich frei bewegen k\u00f6nnen.<\/span><\/li>\n<\/ul>\n<p>[\/vc_column_text][\/vc_column][\/vc_row][vc_row][vc_column width=&#8220;2\/3&#8243;][vc_column_text]<\/p>\n<h3><b>Ben\u00f6tigte Materialien:<\/b><\/h3>\n<ul>\n<li style=\"font-weight: 400;\"><span style=\"font-weight: 400;\">Computer mit Internetzugang <\/span><\/li>\n<li style=\"font-weight: 400;\"><span style=\"font-weight: 400;\">Flipchart und Papierb\u00f6gen<\/span><\/li>\n<li style=\"font-weight: 400;\"><span style=\"font-weight: 400;\">Farbige Markerstifte <\/span><\/li>\n<li style=\"font-weight: 400;\"><span style=\"font-weight: 400;\">Din A4 Papier &amp; Stifte<\/span><\/li>\n<li style=\"font-weight: 400;\">Powerpoint Pr\u00e4sentation \u201c<a href=\"http:\/\/intercultural-learning.eu\/wp-content\/uploads\/2018\/09\/WEB-4-Evaluation-interkultureller-Kompetenzen.pdf\" target=\"_blank\" rel=\"noopener\"><span>Evaluation IKL<\/span><\/a><span>\u201d<\/span><\/li>\n<\/ul>\n<p>[\/vc_column_text][\/vc_column][vc_column width=&#8220;1\/3&#8243;][vc_column_text]<\/p>\n<h3>Hausaufgabe:<\/h3>\n<p><span style=\"font-weight: 400;\">Als Vorbereitung auf die Fortbildungseinheit sollte sich der Fortbilder oder die Fortbilderin mit Struktur und Aktivit\u00e4ten der Methodenbox vertraut machen.<\/span>[\/vc_column_text][\/vc_column][\/vc_row][vc_row][vc_column][vc_column_text]<\/p>\n<h2>Beschreibung der einzelnen Schritte der Einheit<\/h2>\n<p>[\/vc_column_text][\/vc_column][\/vc_row][vc_row][vc_column][vc_column_text]<\/p>\n<h3><span style=\"font-weight: 400;\">AKTIVIT\u00c4T 1: <\/span><a href=\"https:\/\/intercultural-learning.eu\/teacher-training\/intercultural-learning-at-school\/three-day-agenda\/hints-for-assessment-of-intercultural-competence\/the-game-of-squares\/\" target=\"_blank\" rel=\"noopener\"><span style=\"font-weight: 400;\">DAS SPIEL DER QUADRATE<\/span><\/a><span style=\"font-weight: 400;\"> \u00a0(30 Min)<\/span><\/h3>\n<ol>\n<li style=\"font-weight: 400;\"><span style=\"font-weight: 400;\">Nutzen Sie das Spiel der Quadrate um den Fokus auf interkulturelle Lernprozesse zu lenken.<\/span><\/li>\n<li style=\"font-weight: 400;\"><span style=\"font-weight: 400;\">Nutzen Sie zur Nachbesprechung des K\u00e4stchenspiels das Darla-Deardorff-Modell zur Entwicklung interkultureller Kompetenz.<\/span><\/li>\n<li style=\"font-weight: 400;\"><span style=\"font-weight: 400;\">Stellen Sie das Butterfly-Kompetenzmodell aus \u00abKompetenzen f\u00fcr eine demokratische Kultur. Gleichberechtigtes Zusammenleben in kulturell unterschiedlichen demokratischen Gesellschaften\u00bb vor <\/span><a href=\"https:\/\/rm.coe.int\/16806ccc07\"><span style=\"font-weight: 400;\">Competencies for a democratic culture\u201d<\/span><\/a><\/li>\n<\/ol>\n<p>[\/vc_column_text][\/vc_column][\/vc_row][vc_row][vc_column][vc_column_text]<\/p>\n<h3><span style=\"font-weight: 400;\">AKTIVIT\u00c4T 2 &#8211; SELBSTREFLEKTION ZUR EVALUATION INTERKULTURELLER KOMPETENZ (30 Min)<\/span><\/h3>\n<ol>\n<li style=\"font-weight: 400;\"><span style=\"font-weight: 400;\">Bitten Sie die Teilnehmenden, Paare oder Kleingruppen mit ihren Sitznachbarn zu bilden. <\/span><\/li>\n<li style=\"font-weight: 400;\"><span style=\"font-weight: 400;\">Regen Sie sie an, \u00fcber Haltungen, F\u00e4higkeiten, Wissen, kritische Denkans\u00e4tze und Werte zu reflektieren mit denen sie sich im Verlauf der Fortbildung auseinandergesetzt haben und die ihnen nun vertrauter sind. <\/span><\/li>\n<li style=\"font-weight: 400;\"><span style=\"font-weight: 400;\">Fragen Sie die Gruppe, welche Indikatoren geeignet w\u00e4ren diese neuen und\/oder gefestigten Kompetenzen zu \u00fcberpr\u00fcfen.<\/span><\/li>\n<li style=\"font-weight: 400;\"><span style=\"font-weight: 400;\">Notieren Sie Schl\u00fcsselbegriffe auf dem Flipchart.<\/span><\/li>\n<\/ol>\n<p>[\/vc_column_text][\/vc_column][\/vc_row][vc_row][vc_column][vc_column_text]<\/p>\n<h3><span style=\"font-weight: 400;\">AKTIVIT\u00c4T 3 \u00a0&#8211; HINWEISE ZUR EVALUATION <\/span><a href=\"https:\/\/intercultural-learning.eu\/de\/was-ist-interkulturelle-kompetenz\/\" target=\"_blank\" rel=\"noopener\"><span style=\"font-weight: 400;\">INTERKULTURELLER KOMPETENZEN<\/span><\/a><span style=\"font-weight: 400;\"> (30 MINS) <\/span><\/h3>\n<ol>\n<li style=\"font-weight: 400;\"><span style=\"font-weight: 400;\">Erinnern Sie die Teilnehmenden daran, da\u00df die Entwicklung interkultureller Kompetenz ein lebenslanger Prozess ist, der nur durch dauerhaft <\/span><span style=\"font-weight: 400;\">bewu\u00dftes und geplantes erfahrungsbasiertes Lernen<\/span><span style=\"font-weight: 400;\"> gelingt <\/span><i><span style=\"font-weight: 400;\">(Kolb, Erfahrungsbasierter Lernzyklus)<\/span><\/i><\/li>\n<li style=\"font-weight: 400;\"><span style=\"font-weight: 400;\">Betonen Sie immer wieder, dass Umgang und Interaktion mit Menschen unterschiedlicher kultureller Zugeh\u00f6rigkeit allein, interkulturelles Lernen nicht definitiv sicherstellt.<\/span><\/li>\n<li style=\"font-weight: 400;\"><span style=\"font-weight: 400;\">F\u00fcr alle einstellungs- und kompetenzbasierte F\u00e4higkeiten gilt, dass die \u00dcberpr\u00fcfung interkultureller Kompetenz ein komplexes Unterfangen ist, dem nicht nur mit quantitativen Testverfahren begegnet werden kann. Interkulturelles Lernen ist au\u00dferdem ein lebenslanger Prozess und daher nie abgeschlossen.<\/span><\/li>\n<\/ol>\n<p>Nutzen Sie zur Darstellung des Themas die Power-Point-Pr\u00e4sentation \u201c<a href=\"http:\/\/intercultural-learning.eu\/wp-content\/uploads\/2018\/09\/WEB-4-Evaluation-interkultureller-Kompetenzen.pdf\" target=\"_blank\" rel=\"noopener\"><span>Hinweise zur Evaluation Interkultureller Kompetenzen<\/span><\/a><span>\u201d.<\/span>[\/vc_column_text][\/vc_column][\/vc_row]<\/p>\n","protected":false},"excerpt":{"rendered":"<p>[vc_row][vc_column][vc_column_text] HINWEISE ZUR EVALUATION INTERKULTURELLER KOMPETENZEN [\/vc_column_text][\/vc_column][\/vc_row][vc_row][vc_column][vc_column_text] Zeitraum: 90 Minuten [\/vc_column_text][\/vc_column][\/vc_row][vc_row][vc_column width=&#8220;1\/3&#8243;][vc_column_text] Lernziele: Am Ende dieser Einheit werden die Teilnehmenden: sich bewu\u00dft dar\u00fcber sein, da\u00df die Evaluation interkultureller Kompetenzen ein komplexes Unterfangen ist und nur multi-perspektivisch gelingen kann, den Begriff \u201einterkulturelle Kompetenz\u201c definieren und m\u00f6gliche Indikatoren zur \u00dcberpr\u00fcfung nennen k\u00f6nnen. [\/vc_column_text][\/vc_column][vc_column width=&#8220;1\/3&#8243;][vc_column_text] Ziele der Fortbildungseinheit: [&hellip;]<\/p>\n","protected":false},"author":1,"featured_media":0,"parent":3364,"menu_order":0,"comment_status":"closed","ping_status":"closed","template":"","meta":{"_themeisle_gutenberg_block_has_review":false,"footnotes":""},"class_list":["post-3400","page","type-page","status-publish","hentry"],"_links":{"self":[{"href":"https:\/\/intercultural-learning.eu\/de\/wp-json\/wp\/v2\/pages\/3400\/"}],"collection":[{"href":"https:\/\/intercultural-learning.eu\/de\/wp-json\/wp\/v2\/pages\/"}],"about":[{"href":"https:\/\/intercultural-learning.eu\/de\/wp-json\/wp\/v2\/types\/page\/"}],"author":[{"embeddable":true,"href":"https:\/\/intercultural-learning.eu\/de\/wp-json\/wp\/v2\/users\/1\/"}],"replies":[{"embeddable":true,"href":"https:\/\/intercultural-learning.eu\/de\/wp-json\/wp\/v2\/comments\/?post=3400"}],"version-history":[{"count":1,"href":"https:\/\/intercultural-learning.eu\/de\/wp-json\/wp\/v2\/pages\/3400\/revisions\/"}],"predecessor-version":[{"id":3401,"href":"https:\/\/intercultural-learning.eu\/de\/wp-json\/wp\/v2\/pages\/3400\/revisions\/3401\/"}],"up":[{"embeddable":true,"href":"https:\/\/intercultural-learning.eu\/de\/wp-json\/wp\/v2\/pages\/3364\/"}],"wp:attachment":[{"href":"https:\/\/intercultural-learning.eu\/de\/wp-json\/wp\/v2\/media\/?parent=3400"}],"curies":[{"name":"wp","href":"https:\/\/api.w.org\/{rel}","templated":true}]}}

<p>[vc_row][vc_column][vc_column_text]</p>
<h1>HINWEISE ZUR EVALUATION INTERKULTURELLER KOMPETENZEN</h1>
<p>[/vc_column_text][/vc_column][/vc_row][vc_row][vc_column][vc_column_text]</p>
<h4>Zeitraum: <span style="font-weight: 400;">90 Minuten</span></h4>
<p>[/vc_column_text][/vc_column][/vc_row][vc_row][vc_column width=&#8220;1/3&#8243;][vc_column_text]</p>
<h3><b>Lernziele:</b></h3>
<p><span style="font-weight: 400;">Am Ende dieser Einheit werden die Teilnehmenden:</span></p>
<ol>
<li style="font-weight: 400;"><span style="font-weight: 400;">sich bewußt darüber sein, daß die Evaluation interkultureller Kompetenzen ein komplexes Unterfangen ist und nur multi-perspektivisch gelingen kann,</span></li>
<li style="font-weight: 400;">den Begriff „interkulturelle Kompetenz“ definieren und mögliche Indikatoren zur Überprüfung nennen können.</li>
</ol>
<p>[/vc_column_text][/vc_column][vc_column width=&#8220;1/3&#8243;][vc_column_text]</p>
<h3><b>Ziele der Fortbildungseinheit:</b></h3>
<ul>
<li style="font-weight: 400;"><span style="font-weight: 400;">Reflektion interkultureller Lernprozesse</span></li>
<li style="font-weight: 400;">Identifizierung möglicher Instrumente zur Überprüfung interkultureller Kompetenzen</li>
</ul>
<p>[/vc_column_text][/vc_column][vc_column width=&#8220;1/3&#8243;][vc_column_text]</p>
<h3>Räumliche Anforderungen:</h3>
<ul>
<li style="font-weight: 400;"><span style="font-weight: 400;">Halbkreis-förmige Sitzordnung.</span></li>
<li style="font-weight: 400;"><span style="font-weight: 400;">Ein Raum, in dem die Teilnehmer sich frei bewegen können.</span></li>
</ul>
<p>[/vc_column_text][/vc_column][/vc_row][vc_row][vc_column width=&#8220;2/3&#8243;][vc_column_text]</p>
<h3><b>Benötigte Materialien:</b></h3>
<ul>
<li style="font-weight: 400;"><span style="font-weight: 400;">Computer mit Internetzugang </span></li>
<li style="font-weight: 400;"><span style="font-weight: 400;">Flipchart und Papierbögen</span></li>
<li style="font-weight: 400;"><span style="font-weight: 400;">Farbige Markerstifte </span></li>
<li style="font-weight: 400;"><span style="font-weight: 400;">Din A4 Papier &amp; Stifte</span></li>
<li style="font-weight: 400;">Powerpoint Präsentation “<a href="http://intercultural-learning.eu/wp-content/uploads/2018/09/WEB-4-Evaluation-interkultureller-Kompetenzen.pdf" target="_blank" rel="noopener"><span>Evaluation IKL</span></a><span>”</span></li>
</ul>
<p>[/vc_column_text][/vc_column][vc_column width=&#8220;1/3&#8243;][vc_column_text]</p>
<h3>Hausaufgabe:</h3>
<p><span style="font-weight: 400;">Als Vorbereitung auf die Fortbildungseinheit sollte sich der Fortbilder oder die Fortbilderin mit Struktur und Aktivitäten der Methodenbox vertraut machen.</span>[/vc_column_text][/vc_column][/vc_row][vc_row][vc_column][vc_column_text]</p>
<h2>Beschreibung der einzelnen Schritte der Einheit</h2>
<p>[/vc_column_text][/vc_column][/vc_row][vc_row][vc_column][vc_column_text]</p>
<h3><span style="font-weight: 400;">AKTIVITÄT 1: </span><a href="https://intercultural-learning.eu/teacher-training/intercultural-learning-at-school/three-day-agenda/hints-for-assessment-of-intercultural-competence/the-game-of-squares/" target="_blank" rel="noopener"><span style="font-weight: 400;">DAS SPIEL DER QUADRATE</span></a><span style="font-weight: 400;">  (30 Min)</span></h3>
<ol>
<li style="font-weight: 400;"><span style="font-weight: 400;">Nutzen Sie das Spiel der Quadrate um den Fokus auf interkulturelle Lernprozesse zu lenken.</span></li>
<li style="font-weight: 400;"><span style="font-weight: 400;">Nutzen Sie zur Nachbesprechung des Kästchenspiels das Darla-Deardorff-Modell zur Entwicklung interkultureller Kompetenz.</span></li>
<li style="font-weight: 400;"><span style="font-weight: 400;">Stellen Sie das Butterfly-Kompetenzmodell aus «Kompetenzen für eine demokratische Kultur. Gleichberechtigtes Zusammenleben in kulturell unterschiedlichen demokratischen Gesellschaften» vor </span><a href="https://rm.coe.int/16806ccc07"><span style="font-weight: 400;">Competencies for a democratic culture”</span></a></li>
</ol>
<p>[/vc_column_text][/vc_column][/vc_row][vc_row][vc_column][vc_column_text]</p>
<h3><span style="font-weight: 400;">AKTIVITÄT 2 &#8211; SELBSTREFLEKTION ZUR EVALUATION INTERKULTURELLER KOMPETENZ (30 Min)</span></h3>
<ol>
<li style="font-weight: 400;"><span style="font-weight: 400;">Bitten Sie die Teilnehmenden, Paare oder Kleingruppen mit ihren Sitznachbarn zu bilden. </span></li>
<li style="font-weight: 400;"><span style="font-weight: 400;">Regen Sie sie an, über Haltungen, Fähigkeiten, Wissen, kritische Denkansätze und Werte zu reflektieren mit denen sie sich im Verlauf der Fortbildung auseinandergesetzt haben und die ihnen nun vertrauter sind. </span></li>
<li style="font-weight: 400;"><span style="font-weight: 400;">Fragen Sie die Gruppe, welche Indikatoren geeignet wären diese neuen und/oder gefestigten Kompetenzen zu überprüfen.</span></li>
<li style="font-weight: 400;"><span style="font-weight: 400;">Notieren Sie Schlüsselbegriffe auf dem Flipchart.</span></li>
</ol>
<p>[/vc_column_text][/vc_column][/vc_row][vc_row][vc_column][vc_column_text]</p>
<h3><span style="font-weight: 400;">AKTIVITÄT 3  &#8211; HINWEISE ZUR EVALUATION </span><a href="https://intercultural-learning.eu/de/was-ist-interkulturelle-kompetenz/" target="_blank" rel="noopener"><span style="font-weight: 400;">INTERKULTURELLER KOMPETENZEN</span></a><span style="font-weight: 400;"> (30 MINS) </span></h3>
<ol>
<li style="font-weight: 400;"><span style="font-weight: 400;">Erinnern Sie die Teilnehmenden daran, daß die Entwicklung interkultureller Kompetenz ein lebenslanger Prozess ist, der nur durch dauerhaft </span><span style="font-weight: 400;">bewußtes und geplantes erfahrungsbasiertes Lernen</span><span style="font-weight: 400;"> gelingt </span><i><span style="font-weight: 400;">(Kolb, Erfahrungsbasierter Lernzyklus)</span></i></li>
<li style="font-weight: 400;"><span style="font-weight: 400;">Betonen Sie immer wieder, dass Umgang und Interaktion mit Menschen unterschiedlicher kultureller Zugehörigkeit allein, interkulturelles Lernen nicht definitiv sicherstellt.</span></li>
<li style="font-weight: 400;"><span style="font-weight: 400;">Für alle einstellungs- und kompetenzbasierte Fähigkeiten gilt, dass die Überprüfung interkultureller Kompetenz ein komplexes Unterfangen ist, dem nicht nur mit quantitativen Testverfahren begegnet werden kann. Interkulturelles Lernen ist außerdem ein lebenslanger Prozess und daher nie abgeschlossen.</span></li>
</ol>
<p>Nutzen Sie zur Darstellung des Themas die Power-Point-Präsentation “<a href="http://intercultural-learning.eu/wp-content/uploads/2018/09/WEB-4-Evaluation-interkultureller-Kompetenzen.pdf" target="_blank" rel="noopener"><span>Hinweise zur Evaluation Interkultureller Kompetenzen</span></a><span>”.</span>[/vc_column_text][/vc_column][/vc_row]</p>

<p>[vc_row][vc_column][vc_column_text] HINWEISE ZUR EVALUATION INTERKULTURELLER KOMPETENZEN [/vc_column_text][/vc_column][/vc_row][vc_row][vc_column][vc_column_text] Zeitraum: 90 Minuten [/vc_column_text][/vc_column][/vc_row][vc_row][vc_column width=&#8220;1/3&#8243;][vc_column_text] Lernziele: Am Ende dieser Einheit werden die Teilnehmenden: sich bewußt darüber sein, daß die Evaluation interkultureller Kompetenzen ein komplexes Unterfangen ist und nur multi-perspektivisch gelingen kann, den Begriff „interkulturelle Kompetenz“ definieren und mögliche Indikatoren zur Überprüfung nennen können. [/vc_column_text][/vc_column][vc_column width=&#8220;1/3&#8243;][vc_column_text] Ziele der Fortbildungseinheit: [&hellip;]</p>
