{"id":2624,"date":"2017-11-27T17:47:23","date_gmt":"2017-11-27T16:47:23","guid":{"rendered":"http:\/\/intercultural-learning.eu\/nationale-gesetzgebung\/"},"modified":"2018-06-07T17:18:26","modified_gmt":"2018-06-07T15:18:26","slug":"nationale-gesetzgebung","status":"publish","type":"page","link":"http:\/\/intercultural-learning.eu\/de\/nationale-gesetzgebung\/","title":{"rendered":"nationale Gesetzgebung"},"content":{"rendered":"<p>[vc_row][vc_column][vc_column_text]<\/p>\n<h1>L\u00e4nderspezifische Richtlinien<\/h1>\n<p><span style=\"font-weight: 400;\">Mit seinen 16 Bundesl\u00e4ndern verf\u00fcgt Deutschland \u00fcber 16 verschiedene Schulsysteme. Die Kultusministerkonferenz, kurz <\/span><a href=\"https:\/\/www.kmk.org\"><span style=\"font-weight: 400;\">KMK<\/span><\/a><span style=\"font-weight: 400;\">, ver\u00f6ffentlicht Empfehlungen, Beschl\u00fcsse und Vereinbarungen in Bezug auf Bildung und Erziehung. In ihrer im Dezember 2013 neu gefassten Empfehlung &#8222;<\/span><a href=\"http:\/\/www.kmk.org\/fileadmin\/Dateien\/veroeffentlichungen_beschluesse\/1996\/1996_10_25-Interkulturelle-Bildung.pdf\"><span style=\"font-weight: 400;\">Interkulturelle Bildung und Erziehung in der Schule<\/span><\/a><span style=\"font-weight: 400;\">&#8220; hat die Kultusministerkonferenz die Potenziale kultureller Vielfalt hervorgehoben und Eckpunkte f\u00fcr die Arbeit in den Schulen entwickelt, die um Anregungen f\u00fcr Bildungsverwaltungen und f\u00fcr die Zusammenarbeit mit au\u00dferschulischen Partnern erg\u00e4nzt wurden.<\/span><\/p>\n<p><span style=\"font-weight: 400;\">In diesem 2013 \u00fcberarbeiteten Beschluss werden <\/span><span style=\"font-weight: 400;\">die<\/span><span style=\"font-weight: 400;\"> folgenden Grundsa\u0308tze als Orientierungsrahmen fu\u0308r die systematische interkulturelle Entwicklung von Schulen formuliert:<\/span><\/p>\n<ul>\n<li style=\"font-weight: 400;\"><span style=\"font-weight: 400;\">Schule nimmt Vielfalt zugleich als Normalita\u0308t und als Potenzial fu\u0308r alle wahr. <\/span><\/li>\n<li style=\"font-weight: 400;\"><span style=\"font-weight: 400;\">Schule tra\u0308gt zum Erwerb interkultureller Kompetenzen im Unterricht aller Fa\u0308cher und durch au\u00dferunterrichtliche Aktivita\u0308ten bei. <\/span><\/li>\n<li style=\"font-weight: 400;\"><span style=\"font-weight: 400;\">Schule ist zentraler Ort fu\u0308r den Erwerb bildungssprachlicher Kompetenzen<\/span><\/li>\n<li style=\"font-weight: 400;\"><span style=\"font-weight: 400;\">Schule gestaltet aktiv Bildungs- und Erziehungspartnerschaften mit Eltern <\/span><\/li>\n<\/ul>\n<p><span style=\"font-weight: 400;\">Im 2012 ver\u00f6ffentlichten <\/span><a href=\"https:\/\/www.bundesregierung.de\/Content\/DE\/_Anlagen\/IB\/2012-01-31-nap-gesamt-barrierefrei.pdf?__blob=publicationFile\"><span style=\"font-weight: 400;\">Nationalen Aktionsplan Integration<\/span><\/a><span style=\"font-weight: 400;\"> haben sich die Bundesl\u00e4nder verpflichtet, Erzieher und Erzieherinnen mit interkulturellen Kompetenzen auszustatten sowie interkulturelle Kompetenzen bei Sch\u00fclerinnen und Sch\u00fclern zu f\u00f6rdern. <\/span><\/p>\n<p>&nbsp;[\/vc_column_text][\/vc_column][\/vc_row]<\/p>\n","protected":false},"excerpt":{"rendered":"<p>[vc_row][vc_column][vc_column_text] L\u00e4nderspezifische Richtlinien Mit seinen 16 Bundesl\u00e4ndern verf\u00fcgt Deutschland \u00fcber 16 verschiedene Schulsysteme. Die Kultusministerkonferenz, kurz KMK, ver\u00f6ffentlicht Empfehlungen, Beschl\u00fcsse und Vereinbarungen in Bezug auf Bildung und Erziehung. In ihrer im Dezember 2013 neu gefassten Empfehlung &#8222;Interkulturelle Bildung und Erziehung in der Schule&#8220; hat die Kultusministerkonferenz die Potenziale kultureller Vielfalt hervorgehoben und Eckpunkte f\u00fcr die [&hellip;]<\/p>\n","protected":false},"author":2,"featured_media":0,"parent":0,"menu_order":0,"comment_status":"closed","ping_status":"closed","template":"","meta":{"_themeisle_gutenberg_block_has_review":false,"footnotes":""},"class_list":["post-2624","page","type-page","status-publish","hentry"],"_links":{"self":[{"href":"http:\/\/intercultural-learning.eu\/de\/wp-json\/wp\/v2\/pages\/2624\/"}],"collection":[{"href":"http:\/\/intercultural-learning.eu\/de\/wp-json\/wp\/v2\/pages\/"}],"about":[{"href":"http:\/\/intercultural-learning.eu\/de\/wp-json\/wp\/v2\/types\/page\/"}],"author":[{"embeddable":true,"href":"http:\/\/intercultural-learning.eu\/de\/wp-json\/wp\/v2\/users\/2\/"}],"replies":[{"embeddable":true,"href":"http:\/\/intercultural-learning.eu\/de\/wp-json\/wp\/v2\/comments\/?post=2624"}],"version-history":[{"count":2,"href":"http:\/\/intercultural-learning.eu\/de\/wp-json\/wp\/v2\/pages\/2624\/revisions\/"}],"predecessor-version":[{"id":3103,"href":"http:\/\/intercultural-learning.eu\/de\/wp-json\/wp\/v2\/pages\/2624\/revisions\/3103\/"}],"wp:attachment":[{"href":"http:\/\/intercultural-learning.eu\/de\/wp-json\/wp\/v2\/media\/?parent=2624"}],"curies":[{"name":"wp","href":"https:\/\/api.w.org\/{rel}","templated":true}]}}

<p>[vc_row][vc_column][vc_column_text]</p>
<h1>Länderspezifische Richtlinien</h1>
<p><span style="font-weight: 400;">Mit seinen 16 Bundesländern verfügt Deutschland über 16 verschiedene Schulsysteme. Die Kultusministerkonferenz, kurz </span><a href="https://www.kmk.org"><span style="font-weight: 400;">KMK</span></a><span style="font-weight: 400;">, veröffentlicht Empfehlungen, Beschlüsse und Vereinbarungen in Bezug auf Bildung und Erziehung. In ihrer im Dezember 2013 neu gefassten Empfehlung &#8222;</span><a href="http://www.kmk.org/fileadmin/Dateien/veroeffentlichungen_beschluesse/1996/1996_10_25-Interkulturelle-Bildung.pdf"><span style="font-weight: 400;">Interkulturelle Bildung und Erziehung in der Schule</span></a><span style="font-weight: 400;">&#8220; hat die Kultusministerkonferenz die Potenziale kultureller Vielfalt hervorgehoben und Eckpunkte für die Arbeit in den Schulen entwickelt, die um Anregungen für Bildungsverwaltungen und für die Zusammenarbeit mit außerschulischen Partnern ergänzt wurden.</span></p>
<p><span style="font-weight: 400;">In diesem 2013 überarbeiteten Beschluss werden </span><span style="font-weight: 400;">die</span><span style="font-weight: 400;"> folgenden Grundsätze als Orientierungsrahmen für die systematische interkulturelle Entwicklung von Schulen formuliert:</span></p>
<ul>
<li style="font-weight: 400;"><span style="font-weight: 400;">Schule nimmt Vielfalt zugleich als Normalität und als Potenzial für alle wahr. </span></li>
<li style="font-weight: 400;"><span style="font-weight: 400;">Schule trägt zum Erwerb interkultureller Kompetenzen im Unterricht aller Fächer und durch außerunterrichtliche Aktivitäten bei. </span></li>
<li style="font-weight: 400;"><span style="font-weight: 400;">Schule ist zentraler Ort für den Erwerb bildungssprachlicher Kompetenzen</span></li>
<li style="font-weight: 400;"><span style="font-weight: 400;">Schule gestaltet aktiv Bildungs- und Erziehungspartnerschaften mit Eltern </span></li>
</ul>
<p><span style="font-weight: 400;">Im 2012 veröffentlichten </span><a href="https://www.bundesregierung.de/Content/DE/_Anlagen/IB/2012-01-31-nap-gesamt-barrierefrei.pdf?__blob=publicationFile"><span style="font-weight: 400;">Nationalen Aktionsplan Integration</span></a><span style="font-weight: 400;"> haben sich die Bundesländer verpflichtet, Erzieher und Erzieherinnen mit interkulturellen Kompetenzen auszustatten sowie interkulturelle Kompetenzen bei Schülerinnen und Schülern zu fördern. </span></p>
<p>&nbsp;[/vc_column_text][/vc_column][/vc_row]</p>

<p>[vc_row][vc_column][vc_column_text] Länderspezifische Richtlinien Mit seinen 16 Bundesländern verfügt Deutschland über 16 verschiedene Schulsysteme. Die Kultusministerkonferenz, kurz KMK, veröffentlicht Empfehlungen, Beschlüsse und Vereinbarungen in Bezug auf Bildung und Erziehung. In ihrer im Dezember 2013 neu gefassten Empfehlung &#8222;Interkulturelle Bildung und Erziehung in der Schule&#8220; hat die Kultusministerkonferenz die Potenziale kultureller Vielfalt hervorgehoben und Eckpunkte für die [&hellip;]</p>
